CRAN Package Check Results for Package ggtext

Last updated on 2025-10-24 04:50:54 CEST.

Flavor Version Tinstall Tcheck Ttotal Status Flags
r-devel-linux-x86_64-debian-clang 0.1.2 6.14 93.22 99.36 NOTE
r-devel-linux-x86_64-debian-gcc 0.1.2 4.30 67.21 71.51 NOTE
r-devel-linux-x86_64-fedora-clang 0.1.2 16.00 131.61 147.61 OK
r-devel-linux-x86_64-fedora-gcc 0.1.2 13.00 140.52 153.52 OK
r-devel-windows-x86_64 0.1.2 9.00 91.00 100.00 OK
r-patched-linux-x86_64 0.1.2 5.27 84.01 89.28 OK
r-release-linux-x86_64 0.1.2 5.64 84.03 89.67 OK
r-release-macos-arm64 0.1.2 3.00 53.00 56.00 OK
r-release-macos-x86_64 0.1.2 5.00 75.00 80.00 OK
r-release-windows-x86_64 0.1.2 9.00 94.00 103.00 OK
r-oldrel-macos-arm64 0.1.2 3.00 38.00 41.00 OK
r-oldrel-macos-x86_64 0.1.2 4.00 65.00 69.00 OK
r-oldrel-windows-x86_64 0.1.2 11.00 117.00 128.00 OK

Check Details

Version: 0.1.2
Check: DESCRIPTION meta-information
Result: NOTE Author field differs from that derived from Authors@R Author: ‘Claus O. Wilke [aut] (<https://orcid.org/0000-0002-7470-9261>), Brenton M. Wiernik [aut, cre] (<https://orcid.org/0000-0001-9560-6336>, @bmwiernik)’ Authors@R: ‘Claus O. Wilke [aut] (ORCID: <https://orcid.org/0000-0002-7470-9261>), Brenton M. Wiernik [aut, cre] (ORCID: <https://orcid.org/0000-0001-9560-6336>, Twitter: @bmwiernik)’ Flavors: r-devel-linux-x86_64-debian-clang, r-devel-linux-x86_64-debian-gcc