Last updated on 2025-10-22 05:51:11 CEST.
Flavor | Version | Tinstall | Tcheck | Ttotal | Status | Flags |
---|---|---|---|---|---|---|
r-devel-linux-x86_64-debian-clang | 5.1.0 | 10.55 | 131.93 | 142.48 | NOTE | |
r-devel-linux-x86_64-debian-gcc | 5.1.0 | 7.63 | 88.56 | 96.19 | NOTE | |
r-devel-linux-x86_64-fedora-clang | 5.1.0 | 30.00 | 186.62 | 216.62 | OK | |
r-devel-linux-x86_64-fedora-gcc | 5.1.0 | 26.00 | 179.05 | 205.05 | OK | |
r-devel-windows-x86_64 | 5.1.0 | 13.00 | 143.00 | 156.00 | NOTE | |
r-patched-linux-x86_64 | 5.1.0 | 12.53 | 122.98 | 135.51 | NOTE | |
r-release-linux-x86_64 | 5.1.0 | 9.84 | 123.87 | 133.71 | NOTE | |
r-release-macos-arm64 | 5.1.0 | 4.00 | 49.00 | 53.00 | OK | |
r-release-macos-x86_64 | 5.1.0 | 8.00 | 79.00 | 87.00 | OK | |
r-release-windows-x86_64 | 5.1.0 | 14.00 | 144.00 | 158.00 | NOTE | |
r-oldrel-macos-arm64 | 5.1.0 | 4.00 | 43.00 | 47.00 | OK | |
r-oldrel-macos-x86_64 | 5.1.0 | 6.00 | 66.00 | 72.00 | OK | |
r-oldrel-windows-x86_64 | 5.1.0 | 18.00 | 184.00 | 202.00 | OK |
Version: 5.1.0
Check: Rd cross-references
Result: NOTE
Found the following Rd file(s) with Rd \link{} targets missing package
anchors:
geom_tufteboxplot.Rd: stat_boxplot, geom_boxplot
scale_color_tableau.Rd: discrete_scale
scale_colour_canva.Rd: discrete_scale
theme_solid.Rd: theme
theme_tufte.Rd: geom_rug
Please provide package anchors for all Rd \link{} targets not in the
package itself and the base packages.
Flavors: r-devel-linux-x86_64-debian-clang, r-devel-linux-x86_64-debian-gcc, r-devel-windows-x86_64, r-patched-linux-x86_64, r-release-linux-x86_64, r-release-windows-x86_64
Version: 5.1.0
Check: HTML version of manual
Result: NOTE
Found the following HTML validation problems:
scale_colour_canva.html:56:1 (scale_colour_canva.Rd:19): Warning: missing </ul> before </div>
scale_stata.html:154:1 (scale_stata.Rd:77): Warning: missing </ul> before </div>
solarized_rebase.html:50:1 (solarized_rebase.Rd:14): Warning: missing </ul> before </div>
Flavors: r-devel-linux-x86_64-debian-clang, r-devel-linux-x86_64-debian-gcc