Last updated on 2025-10-22 05:51:11 CEST.
Flavor | Version | Tinstall | Tcheck | Ttotal | Status | Flags |
---|---|---|---|---|---|---|
r-devel-linux-x86_64-debian-clang | 0.6.2 | 17.20 | 361.62 | 378.82 | NOTE | |
r-devel-linux-x86_64-debian-gcc | 0.6.2 | 11.54 | 270.16 | 281.70 | NOTE | |
r-devel-linux-x86_64-fedora-clang | 0.6.2 | 46.00 | 515.31 | 561.31 | OK | |
r-devel-linux-x86_64-fedora-gcc | 0.6.2 | 52.00 | 518.86 | 570.86 | OK | |
r-devel-windows-x86_64 | 0.6.2 | 21.00 | 401.00 | 422.00 | OK | |
r-patched-linux-x86_64 | 0.6.2 | 16.41 | 355.96 | 372.37 | OK | |
r-release-linux-x86_64 | 0.6.2 | 16.26 | 356.86 | 373.12 | OK | |
r-release-macos-arm64 | 0.6.2 | 8.00 | 157.00 | 165.00 | OK | |
r-release-macos-x86_64 | 0.6.2 | 11.00 | 277.00 | 288.00 | OK | |
r-release-windows-x86_64 | 0.6.2 | 23.00 | 416.00 | 439.00 | OK | |
r-oldrel-macos-arm64 | 0.6.2 | 7.00 | 110.00 | 117.00 | OK | |
r-oldrel-macos-x86_64 | 0.6.2 | 15.00 | 239.00 | 254.00 | OK | |
r-oldrel-windows-x86_64 | 0.6.2 | 25.00 | 513.00 | 538.00 | OK |
Version: 0.6.2
Check: HTML version of manual
Result: NOTE
Found the following HTML validation problems:
power_trans.html:46:1 (power_trans.Rd:10): Warning: missing </ul> before </div>
Flavors: r-devel-linux-x86_64-debian-clang, r-devel-linux-x86_64-debian-gcc