Last updated on 2025-10-24 04:50:54 CEST.
| Flavor | Version | Tinstall | Tcheck | Ttotal | Status | Flags |
|---|---|---|---|---|---|---|
| r-devel-linux-x86_64-debian-clang | 0.1.1 | 1.80 | 33.04 | 34.84 | OK | |
| r-devel-linux-x86_64-debian-gcc | 0.1.1 | 1.40 | 26.08 | 27.48 | OK | |
| r-devel-linux-x86_64-fedora-clang | 0.1.1 | 51.66 | NOTE | |||
| r-devel-linux-x86_64-fedora-gcc | 0.1.1 | 65.94 | NOTE | |||
| r-devel-windows-x86_64 | 0.1.1 | 4.00 | 53.00 | 57.00 | OK | |
| r-patched-linux-x86_64 | 0.1.1 | 1.74 | 31.70 | 33.44 | OK | |
| r-release-linux-x86_64 | 0.1.1 | 1.74 | 31.30 | 33.04 | OK | |
| r-release-macos-arm64 | 0.1.1 | 2.00 | 49.00 | 51.00 | OK | |
| r-release-macos-x86_64 | 0.1.1 | 2.00 | 43.00 | 45.00 | OK | |
| r-release-windows-x86_64 | 0.1.1 | 4.00 | 52.00 | 56.00 | OK | |
| r-oldrel-macos-arm64 | 0.1.1 | 1.00 | 23.00 | 24.00 | NOTE | |
| r-oldrel-macos-x86_64 | 0.1.1 | 2.00 | 35.00 | 37.00 | NOTE | |
| r-oldrel-windows-x86_64 | 0.1.1 | 5.00 | 59.00 | 64.00 | NOTE |
Version: 0.1.1
Check: dependencies in R code
Result: NOTE
Namespace in Imports field not imported from: ‘ggplot2’
All declared Imports should be used.
Flavors: r-devel-linux-x86_64-fedora-clang, r-devel-linux-x86_64-fedora-gcc
Version: 0.1.1
Check: LazyData
Result: NOTE
'LazyData' is specified without a 'data' directory
Flavors: r-oldrel-macos-arm64, r-oldrel-macos-x86_64, r-oldrel-windows-x86_64