CRAN Package Check Results for Package gifti

Last updated on 2025-07-22 08:48:32 CEST.

Flavor Version Tinstall Tcheck Ttotal Status Flags
r-devel-linux-x86_64-debian-clang 0.8.0 2.88 52.64 55.52 NOTE
r-devel-linux-x86_64-debian-gcc 0.8.0 2.25 41.01 43.26 NOTE
r-devel-linux-x86_64-fedora-clang 0.8.0 81.04 OK
r-devel-linux-x86_64-fedora-gcc 0.8.0 93.96 OK
r-devel-windows-x86_64 0.8.0 4.00 182.00 186.00 OK
r-patched-linux-x86_64 0.8.0 3.51 50.06 53.57 OK
r-release-linux-x86_64 0.8.0 2.74 49.56 52.30 OK
r-release-macos-arm64 0.8.0 50.00 OK
r-release-macos-x86_64 0.8.0 74.00 OK
r-release-windows-x86_64 0.8.0 5.00 184.00 189.00 OK
r-oldrel-macos-arm64 0.8.0 50.00 NOTE
r-oldrel-macos-x86_64 0.8.0 65.00 NOTE
r-oldrel-windows-x86_64 0.8.0 6.00 219.00 225.00 NOTE

Check Details

Version: 0.8.0
Check: CRAN incoming feasibility
Result: NOTE Maintainer: ‘John Muschelli <muschellij2@gmail.com>’ No Authors@R field in DESCRIPTION. Please add one, modifying Authors@R: person(given = "John", family = "Muschelli", role = c("aut", "cre"), email = "muschellij2@gmail.com") as necessary. Flavors: r-devel-linux-x86_64-debian-clang, r-devel-linux-x86_64-debian-gcc

Version: 0.8.0
Check: LazyData
Result: NOTE 'LazyData' is specified without a 'data' directory Flavors: r-oldrel-macos-arm64, r-oldrel-macos-x86_64, r-oldrel-windows-x86_64