CRAN Package Check Results for Package gldrm

Last updated on 2025-10-22 05:51:12 CEST.

Flavor Version Tinstall Tcheck Ttotal Status Flags
r-devel-linux-x86_64-debian-clang 1.6 3.03 34.13 37.16 NOTE
r-devel-linux-x86_64-debian-gcc 1.6 2.19 25.12 27.31 NOTE
r-devel-linux-x86_64-fedora-clang 1.6 54.63 OK
r-devel-linux-x86_64-fedora-gcc 1.6 53.01 OK
r-devel-windows-x86_64 1.6 3.00 60.00 63.00 OK
r-patched-linux-x86_64 1.6 3.00 32.14 35.14 OK
r-release-linux-x86_64 1.6 2.86 32.11 34.97 OK
r-release-macos-arm64 1.6 1.00 20.00 21.00 OK
r-release-macos-x86_64 1.6 2.00 45.00 47.00 OK
r-release-windows-x86_64 1.6 4.00 61.00 65.00 OK
r-oldrel-macos-arm64 1.6 1.00 19.00 20.00 OK
r-oldrel-macos-x86_64 1.6 2.00 29.00 31.00 OK
r-oldrel-windows-x86_64 1.6 5.00 68.00 73.00 OK

Check Details

Version: 1.6
Check: HTML version of manual
Result: NOTE Found the following HTML validation problems: print.gldrm.html:56:1 (print.gldrm.Rd:14): Warning: missing </ul> before </div> print.gldrmCI.html:55:1 (print.gldrmCI.Rd:14): Warning: missing </ul> before </div> print.gldrmLRT.html:56:1 (print.gldrmLRT.Rd:14): Warning: missing </ul> before </div> Flavors: r-devel-linux-x86_64-debian-clang, r-devel-linux-x86_64-debian-gcc