Last updated on 2025-10-22 05:51:12 CEST.
Flavor | Version | Tinstall | Tcheck | Ttotal | Status | Flags |
---|---|---|---|---|---|---|
r-devel-linux-x86_64-debian-clang | 1.2.4 | 33.90 | 114.72 | 148.62 | NOTE | |
r-devel-linux-x86_64-debian-gcc | 1.2.4 | 37.38 | 60.08 | 97.46 | NOTE | |
r-devel-linux-x86_64-fedora-clang | 1.2.4 | 76.00 | 138.64 | 214.64 | OK | |
r-devel-linux-x86_64-fedora-gcc | 1.2.4 | 112.00 | 119.73 | 231.73 | OK | |
r-devel-windows-x86_64 | 1.2.4 | 67.00 | 110.00 | 177.00 | OK | |
r-patched-linux-x86_64 | 1.2.4 | 52.58 | 85.83 | 138.41 | OK | |
r-release-linux-x86_64 | 1.2.4 | 54.77 | 85.57 | 140.34 | OK | |
r-release-macos-arm64 | 1.2.4 | 51.00 | 57.00 | 108.00 | OK | |
r-release-macos-x86_64 | 1.2.4 | 81.00 | 88.00 | 169.00 | OK | |
r-release-windows-x86_64 | 1.2.4 | 68.00 | 114.00 | 182.00 | OK | |
r-oldrel-macos-arm64 | 1.2.4 | 42.00 | 41.00 | 83.00 | OK | |
r-oldrel-macos-x86_64 | 1.2.4 | 52.00 | 87.00 | 139.00 | OK | |
r-oldrel-windows-x86_64 | 1.2.4 | 86.00 | 140.00 | 226.00 | OK |
Version: 1.2.4
Check: HTML version of manual
Result: NOTE
Found the following HTML validation problems:
parameter_restriction.html:279:1 (parameter_restriction.Rd:343): Warning: missing </ul> before </div>
Flavors: r-devel-linux-x86_64-debian-clang, r-devel-linux-x86_64-debian-gcc