Last updated on 2025-10-24 04:50:54 CEST.
| Flavor | Version | Tinstall | Tcheck | Ttotal | Status | Flags |
|---|---|---|---|---|---|---|
| r-devel-linux-x86_64-debian-clang | 1.5.4.8 | 425.87 | 206.64 | 632.51 | NOTE | |
| r-devel-linux-x86_64-debian-gcc | 1.5.4.8 | 345.47 | 164.44 | 509.91 | OK | |
| r-devel-linux-x86_64-fedora-clang | 1.5.4.8 | 1320.00 | -231.18 | 1088.82 | NOTE | |
| r-devel-linux-x86_64-fedora-gcc | 1.5.4.8 | 1140.00 | 54.49 | 1194.49 | NOTE | |
| r-devel-windows-x86_64 | 1.5.4.8 | 517.00 | 221.00 | 738.00 | OK | |
| r-patched-linux-x86_64 | 1.5.4.8 | 519.36 | 228.44 | 747.80 | OK | |
| r-release-linux-x86_64 | 1.5.4.8 | 514.51 | 227.66 | 742.17 | OK | |
| r-release-macos-arm64 | 1.5.4.8 | 169.00 | 68.00 | 237.00 | OK | |
| r-release-macos-x86_64 | 1.5.4.8 | 173.00 | 129.00 | 302.00 | OK | |
| r-release-windows-x86_64 | 1.5.4.8 | 510.00 | 218.00 | 728.00 | OK | |
| r-oldrel-macos-arm64 | 1.5.4.8 | 88.00 | 43.00 | 131.00 | NOTE | |
| r-oldrel-macos-x86_64 | 1.5.4.8 | 74.00 | 74.00 | 148.00 | NOTE | |
| r-oldrel-windows-x86_64 | 1.5.4.8 | 587.00 | 277.00 | 864.00 | NOTE |
Version: 1.5.4.8
Check: HTML version of manual
Result: NOTE
Found the following HTML validation problems:
survival_data.html:78:1 (survival_data.Rd:29): Warning: missing </ul> before </div>
Flavor: r-devel-linux-x86_64-debian-clang
Version: 1.5.4.8
Check: dependencies in R code
Result: NOTE
Namespace in Imports field not imported from: ‘rstantools’
All declared Imports should be used.
Flavors: r-devel-linux-x86_64-fedora-clang, r-devel-linux-x86_64-fedora-gcc
Version: 1.5.4.8
Check: installed package size
Result: NOTE
installed size is 67.4Mb
sub-directories of 1Mb or more:
libs 66.2Mb
Flavors: r-oldrel-macos-arm64, r-oldrel-macos-x86_64
Version: 1.5.4.8
Check: for GNU extensions in Makefiles
Result: NOTE
GNU make is a SystemRequirements.
Flavors: r-oldrel-macos-arm64, r-oldrel-macos-x86_64, r-oldrel-windows-x86_64