Last updated on 2025-10-22 05:51:12 CEST.
Flavor | Version | Tinstall | Tcheck | Ttotal | Status | Flags |
---|---|---|---|---|---|---|
r-devel-linux-x86_64-debian-clang | 0.1.8 | 235.51 | 161.27 | 396.78 | NOTE | |
r-devel-linux-x86_64-debian-gcc | 0.1.8 | 205.49 | 132.02 | 337.51 | NOTE | |
r-devel-linux-x86_64-fedora-clang | 0.1.8 | 553.00 | 29.90 | 582.90 | OK | |
r-devel-linux-x86_64-fedora-gcc | 0.1.8 | 599.00 | 98.77 | 697.77 | OK | |
r-devel-windows-x86_64 | 0.1.8 | 217.00 | 197.00 | 414.00 | OK | |
r-patched-linux-x86_64 | 0.1.8 | 224.29 | 174.41 | 398.70 | OK | |
r-release-linux-x86_64 | 0.1.8 | 231.66 | 174.14 | 405.80 | OK | |
r-release-macos-arm64 | 0.1.8 | 74.00 | 69.00 | 143.00 | OK | |
r-release-macos-x86_64 | 0.1.8 | 229.00 | 126.00 | 355.00 | OK | |
r-release-windows-x86_64 | 0.1.8 | 225.00 | 196.00 | 421.00 | OK | |
r-oldrel-macos-arm64 | 0.1.8 | 42.00 | 41.00 | 83.00 | NOTE | |
r-oldrel-macos-x86_64 | 0.1.8 | 84.00 | 70.00 | 154.00 | NOTE | |
r-oldrel-windows-x86_64 | 0.1.8 | 259.00 | 251.00 | 510.00 | NOTE |
Version: 0.1.8
Check: HTML version of manual
Result: NOTE
Found the following HTML validation problems:
format_data.html:99:1 (format_data.Rd:43): Warning: missing </ul> before </div>
stan_pars.html:77:1 (stan_pars.Rd:31): Warning: missing </ul> before </div>
tidy.html:53:1 (tidy.Rd:15): Warning: missing </ul> before </div>
Flavors: r-devel-linux-x86_64-debian-clang, r-devel-linux-x86_64-debian-gcc
Version: 0.1.8
Check: installed package size
Result: NOTE
installed size is 93.0Mb
sub-directories of 1Mb or more:
libs 92.3Mb
Flavors: r-oldrel-macos-arm64, r-oldrel-macos-x86_64
Version: 0.1.8
Check: for GNU extensions in Makefiles
Result: NOTE
GNU make is a SystemRequirements.
Flavors: r-oldrel-macos-arm64, r-oldrel-macos-x86_64, r-oldrel-windows-x86_64