Last updated on 2025-10-24 04:50:54 CEST.
| Flavor | Version | Tinstall | Tcheck | Ttotal | Status | Flags |
|---|---|---|---|---|---|---|
| r-devel-linux-x86_64-debian-clang | 0.1.3 | 25.20 | 222.22 | 247.42 | OK | |
| r-devel-linux-x86_64-debian-gcc | 0.1.3 | 16.35 | 131.93 | 148.28 | OK | |
| r-devel-linux-x86_64-fedora-clang | 0.1.3 | 72.00 | 331.95 | 403.95 | NOTE | |
| r-devel-linux-x86_64-fedora-gcc | 0.1.3 | 56.00 | 311.21 | 367.21 | NOTE | |
| r-devel-windows-x86_64 | 0.1.3 | 22.00 | 167.00 | 189.00 | OK | |
| r-patched-linux-x86_64 | 0.1.3 | 23.62 | 207.37 | 230.99 | OK | |
| r-release-linux-x86_64 | 0.1.3 | 23.81 | 206.85 | 230.66 | OK | |
| r-release-macos-arm64 | 0.1.3 | 10.00 | 74.00 | 84.00 | OK | |
| r-release-macos-x86_64 | 0.1.3 | 23.00 | 166.00 | 189.00 | OK | |
| r-release-windows-x86_64 | 0.1.3 | 24.00 | 169.00 | 193.00 | OK | |
| r-oldrel-macos-arm64 | 0.1.3 | 11.00 | 78.00 | 89.00 | OK | |
| r-oldrel-macos-x86_64 | 0.1.3 | 18.00 | 164.00 | 182.00 | OK | |
| r-oldrel-windows-x86_64 | 0.1.3 | 32.00 | 240.00 | 272.00 | OK |
Version: 0.1.3
Check: dependencies in R code
Result: NOTE
Namespace in Imports field not imported from: ‘lwgeom’
All declared Imports should be used.
Flavors: r-devel-linux-x86_64-fedora-clang, r-devel-linux-x86_64-fedora-gcc