Last updated on 2025-10-24 04:50:54 CEST.
| Flavor | Version | Tinstall | Tcheck | Ttotal | Status | Flags |
|---|---|---|---|---|---|---|
| r-devel-linux-x86_64-debian-clang | 1.1.6 | 2.48 | 29.06 | 31.54 | NOTE | |
| r-devel-linux-x86_64-debian-gcc | 1.1.6 | 2.17 | 23.07 | 25.24 | OK | |
| r-devel-linux-x86_64-fedora-clang | 1.1.6 | 46.36 | OK | |||
| r-devel-linux-x86_64-fedora-gcc | 1.1.6 | 43.83 | OK | |||
| r-devel-windows-x86_64 | 1.1.6 | 5.00 | 50.00 | 55.00 | OK | |
| r-patched-linux-x86_64 | 1.1.6 | 3.62 | 27.12 | 30.74 | OK | |
| r-release-linux-x86_64 | 1.1.6 | 2.49 | 27.26 | 29.75 | OK | |
| r-release-macos-arm64 | 1.1.6 | 1.00 | 30.00 | 31.00 | OK | |
| r-release-macos-x86_64 | 1.1.6 | 2.00 | 31.00 | 33.00 | OK | |
| r-release-windows-x86_64 | 1.1.6 | 4.00 | 51.00 | 55.00 | OK | |
| r-oldrel-macos-arm64 | 1.1.6 | 2.00 | 26.00 | 28.00 | OK | |
| r-oldrel-macos-x86_64 | 1.1.6 | 2.00 | 30.00 | 32.00 | OK | |
| r-oldrel-windows-x86_64 | 1.1.6 | 6.00 | 57.00 | 63.00 | OK |
Version: 1.1.6
Check: HTML version of manual
Result: NOTE
Found the following HTML validation problems:
paraextract.html:46:1 (paraextract.Rd:11): Warning: missing </ul> before </div>
predict.html:46:1 (predict.Rd:11): Warning: missing </ul> before </div>
summary.html:46:1 (summary.Rd:11): Warning: missing </ul> before </div>
Flavor: r-devel-linux-x86_64-debian-clang