Last updated on 2025-10-22 05:51:12 CEST.
Flavor | Version | Tinstall | Tcheck | Ttotal | Status | Flags |
---|---|---|---|---|---|---|
r-devel-linux-x86_64-debian-clang | 1.1.0 | 5.19 | 20.61 | 25.80 | NOTE | |
r-devel-linux-x86_64-debian-gcc | 1.1.0 | 5.77 | 17.10 | 22.87 | NOTE | |
r-devel-linux-x86_64-fedora-clang | 1.1.0 | 13.00 | 24.65 | 37.65 | OK | |
r-devel-linux-x86_64-fedora-gcc | 1.1.0 | 13.00 | 23.75 | 36.75 | OK | |
r-devel-windows-x86_64 | 1.1.0 | 7.00 | 37.00 | 44.00 | OK | |
r-patched-linux-x86_64 | 1.1.0 | 5.53 | 19.64 | 25.17 | OK | |
r-release-linux-x86_64 | 1.1.0 | 5.24 | 19.58 | 24.82 | OK | |
r-release-macos-arm64 | 1.1.0 | 4.00 | 16.00 | 20.00 | OK | |
r-release-macos-x86_64 | 1.1.0 | 9.00 | 22.00 | 31.00 | OK | |
r-release-windows-x86_64 | 1.1.0 | 8.00 | 41.00 | 49.00 | OK | |
r-oldrel-macos-arm64 | 1.1.0 | 4.00 | 13.00 | 17.00 | OK | |
r-oldrel-macos-x86_64 | 1.1.0 | 5.00 | 21.00 | 26.00 | OK | |
r-oldrel-windows-x86_64 | 1.1.0 | 7.00 | 38.00 | 45.00 | OK |
Version: 1.1.0
Check: CRAN incoming feasibility
Result: NOTE
Maintainer: ‘Kalifa Manjang <kalifamanjang1@gmail.com>’
No Authors@R field in DESCRIPTION.
Please add one, modifying
Authors@R: person(given = "Kalifa",
family = "Manjang",
role = c("aut", "cre"),
email = "kalifamanjang1@gmail.com")
as necessary.
Flavors: r-devel-linux-x86_64-debian-clang, r-devel-linux-x86_64-debian-gcc