CRAN Package Check Results for Package googleAuthR

Last updated on 2025-07-21 08:50:04 CEST.

Flavor Version Tinstall Tcheck Ttotal Status Flags
r-devel-linux-x86_64-debian-clang 2.0.2 5.42 53.62 59.04 NOTE
r-devel-linux-x86_64-debian-gcc 2.0.2 3.86 40.58 44.44 NOTE
r-devel-linux-x86_64-fedora-clang 2.0.2 86.51 OK
r-devel-linux-x86_64-fedora-gcc 2.0.2 101.05 OK
r-devel-windows-x86_64 2.0.2 7.00 77.00 84.00 NOTE
r-patched-linux-x86_64 2.0.2 5.97 49.59 55.56 NOTE
r-release-linux-x86_64 2.0.2 5.41 49.67 55.08 NOTE
r-release-macos-arm64 2.0.2 46.00 OK
r-release-macos-x86_64 2.0.2 75.00 OK
r-release-windows-x86_64 2.0.2 7.00 78.00 85.00 NOTE
r-oldrel-macos-arm64 2.0.2 40.00 OK
r-oldrel-macos-x86_64 2.0.2 55.00 OK
r-oldrel-windows-x86_64 2.0.2 11.00 85.00 96.00 OK

Check Details

Version: 2.0.2
Check: Rd cross-references
Result: NOTE Found the following Rd file(s) with Rd \link{} targets missing package anchors: gar_auth.Rd: Token-class gar_auto_auth.Rd: Token-class Please provide package anchors for all Rd \link{} targets not in the package itself and the base packages. Flavors: r-devel-linux-x86_64-debian-clang, r-devel-linux-x86_64-debian-gcc, r-devel-windows-x86_64, r-patched-linux-x86_64, r-release-linux-x86_64, r-release-windows-x86_64