Last updated on 2025-07-21 08:50:04 CEST.
Flavor | Version | Tinstall | Tcheck | Ttotal | Status | Flags |
---|---|---|---|---|---|---|
r-devel-linux-x86_64-debian-clang | 0.16.1 | 3.35 | 34.04 | 37.39 | NOTE | |
r-devel-linux-x86_64-debian-gcc | 0.16.1 | 2.40 | 26.87 | 29.27 | NOTE | |
r-devel-linux-x86_64-fedora-clang | 0.16.1 | 55.30 | OK | |||
r-devel-linux-x86_64-fedora-gcc | 0.16.1 | 55.05 | OK | |||
r-devel-windows-x86_64 | 0.16.1 | 5.00 | 59.00 | 64.00 | OK | |
r-patched-linux-x86_64 | 0.16.1 | 3.54 | 32.39 | 35.93 | OK | |
r-release-linux-x86_64 | 0.16.1 | 3.29 | 32.49 | 35.78 | OK | |
r-release-macos-arm64 | 0.16.1 | 29.00 | OK | |||
r-release-macos-x86_64 | 0.16.1 | 41.00 | OK | |||
r-release-windows-x86_64 | 0.16.1 | 5.00 | 59.00 | 64.00 | OK | |
r-oldrel-macos-arm64 | 0.16.1 | 23.00 | OK | |||
r-oldrel-macos-x86_64 | 0.16.1 | 37.00 | OK | |||
r-oldrel-windows-x86_64 | 0.16.1 | 6.00 | 66.00 | 72.00 | OK |
Version: 0.16.1
Check: CRAN incoming feasibility
Result: NOTE
Maintainer: ‘George Vega Yon <g.vegayon@gmail.com>’
Found the following (possibly) invalid file URI:
URI: publicdata.google.com
From: man/dspl.Rd
Flavors: r-devel-linux-x86_64-debian-clang, r-devel-linux-x86_64-debian-gcc