CRAN Package Check Results for Package googler

Last updated on 2025-10-22 05:51:12 CEST.

Flavor Version Tinstall Tcheck Ttotal Status Flags
r-devel-linux-x86_64-debian-clang 0.0.1 1.80 22.56 24.36 NOTE
r-devel-linux-x86_64-debian-gcc 0.0.1 1.24 18.59 19.83 NOTE
r-devel-linux-x86_64-fedora-clang 0.0.1 34.32 OK
r-devel-linux-x86_64-fedora-gcc 0.0.1 32.01 OK
r-devel-windows-x86_64 0.0.1 3.00 41.00 44.00 OK
r-patched-linux-x86_64 0.0.1 1.67 20.15 21.82 OK
r-release-linux-x86_64 0.0.1 1.80 20.02 21.82 OK
r-release-macos-arm64 0.0.1 1.00 20.00 21.00 OK
r-release-macos-x86_64 0.0.1 2.00 26.00 28.00 OK
r-release-windows-x86_64 0.0.1 4.00 43.00 47.00 OK
r-oldrel-macos-arm64 0.0.1 1.00 17.00 18.00 NOTE
r-oldrel-macos-x86_64 0.0.1 2.00 21.00 23.00 NOTE
r-oldrel-windows-x86_64 0.0.1 4.00 49.00 53.00 NOTE

Check Details

Version: 0.0.1
Check: HTML version of manual
Result: NOTE Found the following HTML validation problems: googler_.html:86:1 (googler_.Rd:32): Warning: missing </ul> before </div> Flavors: r-devel-linux-x86_64-debian-clang, r-devel-linux-x86_64-debian-gcc

Version: 0.0.1
Check: LazyData
Result: NOTE 'LazyData' is specified without a 'data' directory Flavors: r-oldrel-macos-arm64, r-oldrel-macos-x86_64, r-oldrel-windows-x86_64