Last updated on 2025-10-22 05:51:12 CEST.
Flavor | Version | Tinstall | Tcheck | Ttotal | Status | Flags |
---|---|---|---|---|---|---|
r-devel-linux-x86_64-debian-clang | 1.0.10 | 1.92 | 33.65 | 35.57 | NOTE | |
r-devel-linux-x86_64-debian-gcc | 1.0.10 | 1.47 | 26.74 | 28.21 | NOTE | |
r-devel-linux-x86_64-fedora-clang | 1.0.10 | 52.35 | OK | |||
r-devel-linux-x86_64-fedora-gcc | 1.0.10 | 63.26 | OK | |||
r-devel-windows-x86_64 | 1.0.10 | 4.00 | 59.00 | 63.00 | OK | |
r-patched-linux-x86_64 | 1.0.10 | 1.96 | 30.88 | 32.84 | OK | |
r-release-linux-x86_64 | 1.0.10 | 1.84 | 30.68 | 32.52 | OK | |
r-release-macos-arm64 | 1.0.10 | 1.00 | 42.00 | 43.00 | OK | |
r-release-macos-x86_64 | 1.0.10 | 2.00 | 59.00 | 61.00 | OK | |
r-release-windows-x86_64 | 1.0.10 | 4.00 | 58.00 | 62.00 | OK | |
r-oldrel-macos-arm64 | 1.0.10 | 1.00 | 28.00 | 29.00 | OK | |
r-oldrel-macos-x86_64 | 1.0.10 | 2.00 | 51.00 | 53.00 | OK | |
r-oldrel-windows-x86_64 | 1.0.10 | 5.00 | 65.00 | 70.00 | OK |
Version: 1.0.10
Check: HTML version of manual
Result: NOTE
Found the following HTML validation problems:
calcGradesForGradescope.html:63:1 (calcGradesForGradescope.Rd:21): Warning: missing </ul> before </div>
Flavors: r-devel-linux-x86_64-debian-clang, r-devel-linux-x86_64-debian-gcc