Last updated on 2025-10-22 05:51:12 CEST.
Flavor | Version | Tinstall | Tcheck | Ttotal | Status | Flags |
---|---|---|---|---|---|---|
r-devel-linux-x86_64-debian-clang | 0.3.4 | 14.15 | 133.48 | 147.63 | NOTE | |
r-devel-linux-x86_64-debian-gcc | 0.3.4 | 9.06 | 89.49 | 98.55 | NOTE | |
r-devel-linux-x86_64-fedora-clang | 0.3.4 | 40.00 | 195.61 | 235.61 | OK | |
r-devel-linux-x86_64-fedora-gcc | 0.3.4 | 30.00 | 200.66 | 230.66 | OK | |
r-devel-windows-x86_64 | 0.3.4 | 15.00 | 254.00 | 269.00 | OK | |
r-patched-linux-x86_64 | 0.3.4 | 13.65 | 127.02 | 140.67 | OK | |
r-release-linux-x86_64 | 0.3.4 | 12.91 | 128.09 | 141.00 | OK | |
r-release-macos-arm64 | 0.3.4 | 7.00 | 142.00 | 149.00 | OK | |
r-release-macos-x86_64 | 0.3.4 | 16.00 | 198.00 | 214.00 | OK | |
r-release-windows-x86_64 | 0.3.4 | 16.00 | 401.00 | 417.00 | OK | |
r-oldrel-macos-arm64 | 0.3.4 | 7.00 | 197.00 | 204.00 | OK | |
r-oldrel-macos-x86_64 | 0.3.4 | 16.00 | 346.00 | 362.00 | OK | |
r-oldrel-windows-x86_64 | 0.3.4 | 22.00 | 588.00 | 610.00 | OK |
Version: 0.3.4
Check: HTML version of manual
Result: NOTE
Found the following HTML validation problems:
Zmatrix.html:48:1 (Zmatrix.Rd:10): Warning: missing </ul> before </div>
fillFixedParams.html:54:1 (fillFixedParams.Rd:14): Warning: missing </ul> before </div>
Flavors: r-devel-linux-x86_64-debian-clang, r-devel-linux-x86_64-debian-gcc