CRAN Package Check Results for Package gretel

Last updated on 2025-10-22 05:51:12 CEST.

Flavor Version Tinstall Tcheck Ttotal Status Flags
r-devel-linux-x86_64-debian-clang 0.0.1 10.03 33.30 43.33 NOTE
r-devel-linux-x86_64-debian-gcc 0.0.1 7.23 26.30 33.53 NOTE
r-devel-linux-x86_64-fedora-clang 0.0.1 31.00 44.02 75.02 OK
r-devel-linux-x86_64-fedora-gcc 0.0.1 24.00 55.66 79.66 OK
r-devel-windows-x86_64 0.0.1 14.00 65.00 79.00 OK
r-patched-linux-x86_64 0.0.1 10.28 32.97 43.25 OK
r-release-linux-x86_64 0.0.1 10.65 32.35 43.00 OK
r-release-macos-arm64 0.0.1 6.00 34.00 40.00 OK
r-release-macos-x86_64 0.0.1 9.00 47.00 56.00 OK
r-release-windows-x86_64 0.0.1 14.00 73.00 87.00 OK
r-oldrel-macos-arm64 0.0.1 6.00 26.00 32.00 OK
r-oldrel-macos-x86_64 0.0.1 8.00 53.00 61.00 OK
r-oldrel-windows-x86_64 0.0.1 16.00 85.00 101.00 OK

Check Details

Version: 0.0.1
Check: CRAN incoming feasibility
Result: NOTE Maintainer: ‘David Buch <davidbuch42@gmail.com>’ Package CITATION file contains call(s) to old-style citEntry(). Please use bibentry() instead. Flavors: r-devel-linux-x86_64-debian-clang, r-devel-linux-x86_64-debian-gcc