CRAN Package Check Results for Package gretlR

Last updated on 2025-10-22 05:51:12 CEST.

Flavor Version Tinstall Tcheck Ttotal Status Flags
r-devel-linux-x86_64-debian-clang 0.1.4 4.14 44.59 48.73 NOTE
r-devel-linux-x86_64-debian-gcc 0.1.4 2.80 33.73 36.53 NOTE
r-devel-linux-x86_64-fedora-clang 0.1.4 12.00 66.22 78.22 OK
r-devel-linux-x86_64-fedora-gcc 0.1.4 82.18 OK
r-devel-windows-x86_64 0.1.4 6.00 60.00 66.00 OK
r-patched-linux-x86_64 0.1.4 4.79 41.78 46.57 OK
r-release-linux-x86_64 0.1.4 3.76 42.03 45.79 OK
r-release-macos-arm64 0.1.4 3.00 40.00 43.00 OK
r-release-macos-x86_64 0.1.4 3.00 49.00 52.00 OK
r-release-windows-x86_64 0.1.4 7.00 62.00 69.00 OK
r-oldrel-macos-arm64 0.1.4 2.00 29.00 31.00 OK
r-oldrel-macos-x86_64 0.1.4 3.00 40.00 43.00 OK
r-oldrel-windows-x86_64 0.1.4 7.00 79.00 86.00 OK

Check Details

Version: 0.1.4
Check: CRAN incoming feasibility
Result: NOTE Maintainer: ‘Sagiru Mati <smati@smati.com.ng>’ Package CITATION file contains call(s) to old-style citEntry(). Please use bibentry() instead. Flavors: r-devel-linux-x86_64-debian-clang, r-devel-linux-x86_64-debian-gcc