Last updated on 2025-10-22 05:51:12 CEST.
Flavor | Version | Tinstall | Tcheck | Ttotal | Status | Flags |
---|---|---|---|---|---|---|
r-devel-linux-x86_64-debian-clang | 0.0.3 | 3.45 | 92.51 | 95.96 | NOTE | |
r-devel-linux-x86_64-debian-gcc | 0.0.3 | 2.47 | 60.71 | 63.18 | NOTE | |
r-devel-linux-x86_64-fedora-clang | 0.0.3 | 167.46 | NOTE | |||
r-devel-linux-x86_64-fedora-gcc | 0.0.3 | 173.55 | NOTE | |||
r-devel-windows-x86_64 | 0.0.3 | 5.00 | 111.00 | 116.00 | OK | |
r-patched-linux-x86_64 | 0.0.3 | 3.16 | 88.39 | 91.55 | OK | |
r-release-linux-x86_64 | 0.0.3 | 3.26 | 89.07 | 92.33 | OK | |
r-release-macos-arm64 | 0.0.3 | 1.00 | 56.00 | 57.00 | OK | |
r-release-macos-x86_64 | 0.0.3 | 2.00 | 102.00 | 104.00 | OK | |
r-release-windows-x86_64 | 0.0.3 | 5.00 | 115.00 | 120.00 | OK | |
r-oldrel-macos-arm64 | 0.0.3 | 1.00 | 41.00 | 42.00 | OK | |
r-oldrel-macos-x86_64 | 0.0.3 | 2.00 | 73.00 | 75.00 | OK | |
r-oldrel-windows-x86_64 | 0.0.3 | 6.00 | 147.00 | 153.00 | OK |
Version: 0.0.3
Check: CRAN incoming feasibility
Result: NOTE
Maintainer: ‘Matthew Carli <carlimm@mymail.vcu.edu>’
No Authors@R field in DESCRIPTION.
Please add one, modifying
Authors@R: c(person(given = "David",
family = "Wheeler",
role = "aut"),
person(given = "Matthew",
family = "Carli",
role = c("aut", "cre"),
email = "carlimm@mymail.vcu.edu"))
as necessary.
Flavors: r-devel-linux-x86_64-debian-clang, r-devel-linux-x86_64-debian-gcc
Version: 0.0.3
Check: dependencies in R code
Result: NOTE
Namespaces in Imports field not imported from:
‘MASS’ ‘rjags’
All declared Imports should be used.
Flavors: r-devel-linux-x86_64-fedora-clang, r-devel-linux-x86_64-fedora-gcc