Last updated on 2025-10-22 05:51:12 CEST.
Flavor | Version | Tinstall | Tcheck | Ttotal | Status | Flags |
---|---|---|---|---|---|---|
r-devel-linux-x86_64-debian-clang | 0.7 | 2.67 | 37.74 | 40.41 | NOTE | |
r-devel-linux-x86_64-debian-gcc | 0.7 | 2.94 | 33.97 | 36.91 | NOTE | |
r-devel-linux-x86_64-fedora-clang | 0.7 | 61.62 | OK | |||
r-devel-linux-x86_64-fedora-gcc | 0.7 | 70.62 | OK | |||
r-devel-windows-x86_64 | 0.7 | 4.00 | 65.00 | 69.00 | OK | |
r-patched-linux-x86_64 | 0.7 | 2.52 | 33.23 | 35.75 | OK | |
r-release-linux-x86_64 | 0.7 | 2.37 | 33.02 | 35.39 | OK | |
r-release-macos-arm64 | 0.7 | 2.00 | 31.00 | 33.00 | OK | |
r-release-macos-x86_64 | 0.7 | 3.00 | 58.00 | 61.00 | OK | |
r-release-windows-x86_64 | 0.7 | 5.00 | 68.00 | 73.00 | OK | |
r-oldrel-macos-arm64 | 0.7 | 2.00 | 32.00 | 34.00 | OK | |
r-oldrel-macos-x86_64 | 0.7 | 2.00 | 42.00 | 44.00 | OK | |
r-oldrel-windows-x86_64 | 0.7 | 5.00 | 71.00 | 76.00 | OK |
Version: 0.7
Check: CRAN incoming feasibility
Result: NOTE
Maintainer: ‘G. Grothendieck <ggrothendieck@gmail.com>’
No Authors@R field in DESCRIPTION.
Please add one, modifying
Authors@R: person(given = "G.",
family = "Grothendieck",
role = c("aut", "cre"),
email = "ggrothendieck@gmail.com")
as necessary.
Flavors: r-devel-linux-x86_64-debian-clang, r-devel-linux-x86_64-debian-gcc