Last updated on 2025-10-24 04:50:55 CEST.
| Flavor | Version | Tinstall | Tcheck | Ttotal | Status | Flags |
|---|---|---|---|---|---|---|
| r-devel-linux-x86_64-debian-clang | 1.0.0 | 1.84 | 25.39 | 27.23 | NOTE | |
| r-devel-linux-x86_64-debian-gcc | 1.0.0 | 1.51 | 20.67 | 22.18 | OK | |
| r-devel-linux-x86_64-fedora-clang | 1.0.0 | 39.81 | OK | |||
| r-devel-linux-x86_64-fedora-gcc | 1.0.0 | 35.79 | OK | |||
| r-devel-windows-x86_64 | 1.0.0 | 4.00 | 58.00 | 62.00 | OK | |
| r-patched-linux-x86_64 | 1.0.0 | 1.70 | 23.41 | 25.11 | OK | |
| r-release-linux-x86_64 | 1.0.0 | 1.65 | 23.43 | 25.08 | OK | |
| r-release-macos-arm64 | 1.0.0 | 1.00 | 48.00 | 49.00 | OK | |
| r-release-macos-x86_64 | 1.0.0 | 2.00 | 58.00 | 60.00 | OK | |
| r-release-windows-x86_64 | 1.0.0 | 3.00 | 61.00 | 64.00 | OK | |
| r-oldrel-macos-arm64 | 1.0.0 | 1.00 | 55.00 | 56.00 | OK | |
| r-oldrel-macos-x86_64 | 1.0.0 | 2.00 | 61.00 | 63.00 | OK | |
| r-oldrel-windows-x86_64 | 1.0.0 | 4.00 | 63.00 | 67.00 | OK |
Version: 1.0.0
Check: HTML version of manual
Result: NOTE
Found the following HTML validation problems:
gt_verify_path.html:46:1 (gt_verify_path.Rd:10): Warning: missing </ul> before </div>
remove_gt_api_key.html:52:1 (remove_gt_api_key.Rd:12): Warning: missing </ul> before </div>
Flavor: r-devel-linux-x86_64-debian-clang