Last updated on 2025-07-21 08:50:04 CEST.
Flavor | Version | Tinstall | Tcheck | Ttotal | Status | Flags |
---|---|---|---|---|---|---|
r-devel-linux-x86_64-debian-clang | 0.3.0 | 13.41 | 96.44 | 109.85 | NOTE | |
r-devel-linux-x86_64-debian-gcc | 0.3.0 | 9.14 | 68.47 | 77.61 | NOTE | |
r-devel-linux-x86_64-fedora-clang | 0.3.0 | 168.20 | NOTE | |||
r-devel-linux-x86_64-fedora-gcc | 0.3.0 | 155.75 | NOTE | |||
r-devel-windows-x86_64 | 0.3.0 | 15.00 | 104.00 | 119.00 | NOTE | |
r-patched-linux-x86_64 | 0.3.0 | 13.42 | 90.11 | 103.53 | NOTE | |
r-release-linux-x86_64 | 0.3.0 | 12.15 | 90.05 | 102.20 | NOTE | |
r-release-macos-arm64 | 0.3.0 | 45.00 | NOTE | |||
r-release-macos-x86_64 | 0.3.0 | 87.00 | NOTE | |||
r-release-windows-x86_64 | 0.3.0 | 14.00 | 105.00 | 119.00 | NOTE | |
r-oldrel-macos-arm64 | 0.3.0 | 45.00 | OK | |||
r-oldrel-macos-x86_64 | 0.3.0 | 114.00 | OK | |||
r-oldrel-windows-x86_64 | 0.3.0 | 20.00 | 132.00 | 152.00 | OK |
Version: 0.3.0
Check: DESCRIPTION meta-information
Result: NOTE
Missing dependency on R >= 4.1.0 because package code uses the pipe
|> or function shorthand \(...) syntax added in R 4.1.0.
File(s) using such syntax:
‘plot.R’
Flavors: r-devel-linux-x86_64-debian-clang, r-devel-linux-x86_64-debian-gcc, r-devel-linux-x86_64-fedora-clang, r-devel-linux-x86_64-fedora-gcc, r-devel-windows-x86_64, r-patched-linux-x86_64, r-release-linux-x86_64, r-release-macos-arm64, r-release-macos-x86_64, r-release-windows-x86_64