Last updated on 2025-10-22 05:51:12 CEST.
Flavor | Version | Tinstall | Tcheck | Ttotal | Status | Flags |
---|---|---|---|---|---|---|
r-devel-linux-x86_64-debian-clang | 1.4.2 | 6.65 | 125.73 | 132.38 | NOTE | |
r-devel-linux-x86_64-debian-gcc | 1.4.2 | 5.10 | 89.60 | 94.70 | NOTE | |
r-devel-linux-x86_64-fedora-clang | 1.4.2 | 20.00 | 182.65 | 202.65 | OK | |
r-devel-linux-x86_64-fedora-gcc | 1.4.2 | 13.00 | 183.92 | 196.92 | OK | |
r-devel-windows-x86_64 | 1.4.2 | 8.00 | 141.00 | 149.00 | OK | |
r-patched-linux-x86_64 | 1.4.2 | 7.99 | 116.38 | 124.37 | OK | |
r-release-linux-x86_64 | 1.4.2 | 5.70 | 116.04 | 121.74 | OK | |
r-release-macos-arm64 | 1.4.2 | 3.00 | 85.00 | 88.00 | OK | |
r-release-macos-x86_64 | 1.4.2 | 10.00 | 178.00 | 188.00 | OK | |
r-release-windows-x86_64 | 1.4.2 | 10.00 | 143.00 | 153.00 | OK | |
r-oldrel-macos-arm64 | 1.4.2 | 4.00 | 94.00 | 98.00 | OK | |
r-oldrel-macos-x86_64 | 1.4.2 | 8.00 | 168.00 | 176.00 | OK | |
r-oldrel-windows-x86_64 | 1.4.2 | 12.00 | 182.00 | 194.00 | OK |
Version: 1.4.2
Check: HTML version of manual
Result: NOTE
Found the following HTML validation problems:
new-default-blueprint.html:176:1 (new-default-blueprint.Rd:108): Warning: missing </ul> before </div>
Flavors: r-devel-linux-x86_64-debian-clang, r-devel-linux-x86_64-debian-gcc