Last updated on 2025-10-22 05:51:12 CEST.
Flavor | Version | Tinstall | Tcheck | Ttotal | Status | Flags |
---|---|---|---|---|---|---|
r-devel-linux-x86_64-debian-clang | 1.2 | 7.33 | 66.80 | 74.13 | NOTE | |
r-devel-linux-x86_64-debian-gcc | 1.2 | 6.04 | 47.87 | 53.91 | NOTE | |
r-devel-linux-x86_64-fedora-clang | 1.2 | 34.00 | 84.94 | 118.94 | OK | |
r-devel-linux-x86_64-fedora-gcc | 1.2 | 18.00 | 88.18 | 106.18 | OK | |
r-devel-windows-x86_64 | 1.2 | 8.00 | 75.00 | 83.00 | OK | |
r-patched-linux-x86_64 | 1.2 | 8.14 | 63.30 | 71.44 | OK | |
r-release-linux-x86_64 | 1.2 | 7.76 | 63.02 | 70.78 | OK | |
r-release-macos-arm64 | 1.2 | 3.00 | 33.00 | 36.00 | OK | |
r-release-macos-x86_64 | 1.2 | 7.00 | 69.00 | 76.00 | OK | |
r-release-windows-x86_64 | 1.2 | 8.00 | 78.00 | 86.00 | OK | |
r-oldrel-macos-arm64 | 1.2 | 3.00 | 29.00 | 32.00 | OK | |
r-oldrel-macos-x86_64 | 1.2 | 5.00 | 51.00 | 56.00 | OK | |
r-oldrel-windows-x86_64 | 1.2 | 11.00 | 95.00 | 106.00 | OK |
Version: 1.2
Check: HTML version of manual
Result: NOTE
Found the following HTML validation problems:
plot.sae.html:123:1 (plot.sae.Rd:60): Warning: missing </ul> before </div>
print.sae.html:55:1 (print.sae.Rd:14): Warning: missing </ul> before </div>
Flavors: r-devel-linux-x86_64-debian-clang, r-devel-linux-x86_64-debian-gcc