Last updated on 2025-07-23 11:50:24 CEST.
Flavor | Version | Tinstall | Tcheck | Ttotal | Status | Flags |
---|---|---|---|---|---|---|
r-devel-linux-x86_64-debian-clang | 0.1.0 | 6.73 | 61.46 | 68.19 | OK | |
r-devel-linux-x86_64-debian-gcc | 0.1.0 | 5.80 | 43.27 | 49.07 | OK | |
r-devel-linux-x86_64-fedora-clang | 0.1.0 | 102.75 | OK | |||
r-devel-linux-x86_64-fedora-gcc | 0.1.0 | 92.89 | OK | |||
r-devel-windows-x86_64 | 0.1.0 | 8.00 | 69.00 | 77.00 | OK | |
r-patched-linux-x86_64 | 0.1.0 | 5.14 | 57.73 | 62.87 | OK | |
r-release-linux-x86_64 | 0.1.0 | 6.51 | 56.16 | 62.67 | OK | |
r-release-macos-arm64 | 0.1.0 | 29.00 | OK | |||
r-release-macos-x86_64 | 0.1.0 | 63.00 | OK | |||
r-release-windows-x86_64 | 0.1.0 | 8.00 | 69.00 | 77.00 | OK | |
r-oldrel-macos-arm64 | 0.1.0 | 30.00 | NOTE | |||
r-oldrel-macos-x86_64 | 0.1.0 | 63.00 | NOTE | |||
r-oldrel-windows-x86_64 | 0.1.0 | 12.00 | 87.00 | 99.00 | NOTE |
Version: 0.1.0
Check: LazyData
Result: NOTE
'LazyData' is specified without a 'data' directory
Flavors: r-oldrel-macos-arm64, r-oldrel-macos-x86_64, r-oldrel-windows-x86_64