CRAN Package Check Results for Package heuristica

Last updated on 2025-10-22 05:51:13 CEST.

Flavor Version Tinstall Tcheck Ttotal Status Flags
r-devel-linux-x86_64-debian-clang 1.0.3 2.81 180.80 183.61 NOTE
r-devel-linux-x86_64-debian-gcc 1.0.3 2.08 115.00 117.08 NOTE
r-devel-linux-x86_64-fedora-clang 1.0.3 306.09 NOTE
r-devel-linux-x86_64-fedora-gcc 1.0.3 291.22 NOTE
r-devel-windows-x86_64 1.0.3 5.00 181.00 186.00 NOTE
r-patched-linux-x86_64 1.0.3 3.48 169.43 172.91 NOTE
r-release-linux-x86_64 1.0.3 2.17 169.80 171.97 NOTE
r-release-macos-arm64 1.0.3 1.00 79.00 80.00 NOTE
r-release-macos-x86_64 1.0.3 2.00 144.00 146.00 NOTE
r-release-windows-x86_64 1.0.3 7.00 183.00 190.00 NOTE
r-oldrel-macos-arm64 1.0.3 2.00 77.00 79.00 NOTE
r-oldrel-macos-x86_64 1.0.3 2.00 122.00 124.00 NOTE
r-oldrel-windows-x86_64 1.0.3 6.00 256.00 262.00 NOTE

Check Details

Version: 1.0.3
Check: Rd files
Result: NOTE checkRd: (-1) predictPair.Rd:20: Lost braces; missing escapes or markup? 20 | A number in the set {-1, 0, 1}, where 1 means row1 is predicted to | ^ checkRd: (-1) predictPairInternal.Rd:18: Lost braces; missing escapes or markup? 18 | A number in the set {-1, 0, 1}, where 1 means row1 is predicted to | ^ Flavors: r-devel-linux-x86_64-debian-clang, r-devel-linux-x86_64-debian-gcc, r-devel-linux-x86_64-fedora-clang, r-devel-linux-x86_64-fedora-gcc, r-devel-windows-x86_64, r-patched-linux-x86_64, r-release-linux-x86_64, r-release-macos-arm64, r-release-macos-x86_64, r-release-windows-x86_64, r-oldrel-macos-arm64, r-oldrel-macos-x86_64, r-oldrel-windows-x86_64

Version: 1.0.3
Check: HTML version of manual
Result: NOTE Found the following HTML validation problems: zzDocumentationStubFormulaModelParams.html:56:1 (zzDocumentationStubFormulaModelParams.Rd:16): Warning: missing </ul> before </div> zzDocumentationStubModelParams.html:56:1 (zzDocumentationStubModelParams.Rd:16): Warning: missing </ul> before </div> zzDocumentationStubReverseCues.html:49:1 (zzDocumentationStubReverseCues.Rd:13): Warning: missing </ul> before </div> Flavors: r-devel-linux-x86_64-debian-clang, r-devel-linux-x86_64-debian-gcc