Last updated on 2025-10-22 05:51:13 CEST.
Flavor | Version | Tinstall | Tcheck | Ttotal | Status | Flags |
---|---|---|---|---|---|---|
r-devel-linux-x86_64-debian-clang | 1.0.4 | 28.84 | 102.33 | 131.17 | NOTE | |
r-devel-linux-x86_64-debian-gcc | 1.0.4 | 22.78 | 74.49 | 97.27 | NOTE | |
r-devel-linux-x86_64-fedora-clang | 1.0.4 | 87.00 | 129.68 | 216.68 | OK | |
r-devel-linux-x86_64-fedora-gcc | 1.0.4 | 60.00 | 134.05 | 194.05 | OK | |
r-devel-windows-x86_64 | 1.0.4 | 35.00 | 122.00 | 157.00 | OK | |
r-patched-linux-x86_64 | 1.0.4 | 25.07 | 96.07 | 121.14 | OK | |
r-release-linux-x86_64 | 1.0.4 | 30.17 | 96.27 | 126.44 | OK | |
r-release-macos-arm64 | 1.0.4 | 13.00 | 43.00 | 56.00 | OK | |
r-release-macos-x86_64 | 1.0.4 | 21.00 | 80.00 | 101.00 | OK | |
r-release-windows-x86_64 | 1.0.4 | 34.00 | 120.00 | 154.00 | OK | |
r-oldrel-macos-arm64 | 1.0.4 | 13.00 | 40.00 | 53.00 | OK | |
r-oldrel-macos-x86_64 | 1.0.4 | 18.00 | 60.00 | 78.00 | OK | |
r-oldrel-windows-x86_64 | 1.0.4 | 42.00 | 157.00 | 199.00 | OK |
Version: 1.0.4
Check: CRAN incoming feasibility
Result: NOTE
Maintainer: ‘Thomas Lin Pedersen <thomasp85@gmail.com>’
No Authors@R field in DESCRIPTION.
Please add one, modifying
Authors@R: person(given = c("Thomas", "Lin"),
family = "Pedersen",
role = c("aut", "cre"),
email = "thomasp85@gmail.com")
as necessary.
Flavors: r-devel-linux-x86_64-debian-clang, r-devel-linux-x86_64-debian-gcc