CRAN Package Check Results for Package hilbertSimilarity

Last updated on 2025-07-21 08:50:05 CEST.

Flavor Version Tinstall Tcheck Ttotal Status Flags
r-devel-linux-x86_64-debian-clang 0.4.3 9.46 121.00 130.46 NOTE
r-devel-linux-x86_64-debian-gcc 0.4.3 6.69 89.76 96.45 NOTE
r-devel-linux-x86_64-fedora-clang 0.4.3 211.08 NOTE
r-devel-linux-x86_64-fedora-gcc 0.4.3 269.90 NOTE
r-devel-windows-x86_64 0.4.3 12.00 198.00 210.00 NOTE
r-patched-linux-x86_64 0.4.3 9.55 123.48 133.03 NOTE
r-release-linux-x86_64 0.4.3 9.16 124.20 133.36 NOTE
r-release-macos-arm64 0.4.3 64.00 NOTE
r-release-macos-x86_64 0.4.3 116.00 NOTE
r-release-windows-x86_64 0.4.3 12.00 210.00 222.00 NOTE
r-oldrel-macos-arm64 0.4.3 61.00 NOTE
r-oldrel-macos-x86_64 0.4.3 94.00 NOTE
r-oldrel-windows-x86_64 0.4.3 14.00 229.00 243.00 NOTE

Check Details

Version: 0.4.3
Check: C++ specification
Result: NOTE Specified C++11: please drop specification unless essential Flavors: r-devel-linux-x86_64-debian-clang, r-devel-linux-x86_64-debian-gcc, r-devel-linux-x86_64-fedora-clang, r-devel-linux-x86_64-fedora-gcc, r-devel-windows-x86_64, r-patched-linux-x86_64, r-release-linux-x86_64, r-release-macos-arm64, r-release-macos-x86_64, r-release-windows-x86_64, r-oldrel-macos-arm64, r-oldrel-macos-x86_64, r-oldrel-windows-x86_64

Version: 0.4.3
Check: LazyData
Result: NOTE 'LazyData' is specified without a 'data' directory Flavors: r-oldrel-macos-arm64, r-oldrel-macos-x86_64, r-oldrel-windows-x86_64