Last updated on 2025-10-22 05:51:13 CEST.
Flavor | Version | Tinstall | Tcheck | Ttotal | Status | Flags |
---|---|---|---|---|---|---|
r-devel-linux-x86_64-debian-clang | 1.0.1 | 26.69 | 260.30 | 286.99 | NOTE | |
r-devel-linux-x86_64-debian-gcc | 1.0.1 | 17.73 | 162.91 | 180.64 | NOTE | |
r-devel-linux-x86_64-fedora-clang | 1.0.1 | 78.00 | 396.82 | 474.82 | OK | |
r-devel-linux-x86_64-fedora-gcc | 1.0.1 | 62.00 | 387.44 | 449.44 | OK | |
r-devel-windows-x86_64 | 1.0.1 | 25.00 | 201.00 | 226.00 | OK | |
r-patched-linux-x86_64 | 1.0.1 | 24.75 | 240.06 | 264.81 | OK | |
r-release-linux-x86_64 | 1.0.1 | 28.64 | 234.63 | 263.27 | OK | |
r-release-macos-arm64 | 1.0.1 | 9.00 | 104.00 | 113.00 | OK | |
r-release-macos-x86_64 | 1.0.1 | 34.00 | 222.00 | 256.00 | OK | |
r-release-windows-x86_64 | 1.0.1 | 25.00 | 199.00 | 224.00 | OK | |
r-oldrel-macos-arm64 | 1.0.1 | 8.00 | 91.00 | 99.00 | OK | |
r-oldrel-macos-x86_64 | 1.0.1 | 19.00 | 225.00 | 244.00 | OK | |
r-oldrel-windows-x86_64 | 1.0.1 | 35.00 | 268.00 | 303.00 | OK |
Version: 1.0.1
Check: HTML version of manual
Result: NOTE
Found the following HTML validation problems:
scale_constraint_matrix.html:56:1 (scale_constraint_matrix.Rd:15): Warning: missing </ul> before </div>
update_objective.html:50:1 (update_objective.Rd:12): Warning: missing </ul> before </div>
Flavors: r-devel-linux-x86_64-debian-clang, r-devel-linux-x86_64-debian-gcc