CRAN Package Check Results for Package hpa

Last updated on 2025-07-22 08:48:33 CEST.

Flavor Version Tinstall Tcheck Ttotal Status Flags
r-devel-linux-x86_64-debian-clang 1.3.3 193.82 35.69 229.51 NOTE
r-devel-linux-x86_64-debian-gcc 1.3.3 133.78 26.93 160.71 NOTE
r-devel-linux-x86_64-fedora-clang 1.3.3 358.48 OK
r-devel-linux-x86_64-fedora-gcc 1.3.3 395.49 OK
r-devel-windows-x86_64 1.3.3 187.00 90.00 277.00 OK
r-patched-linux-x86_64 1.3.3 187.78 33.97 221.75 OK
r-release-linux-x86_64 1.3.3 186.93 33.26 220.19 OK
r-release-macos-arm64 1.3.3 82.00 OK
r-release-macos-x86_64 1.3.3 86.00 OK
r-release-windows-x86_64 1.3.3 186.00 84.00 270.00 OK
r-oldrel-macos-arm64 1.3.3 47.00 NOTE
r-oldrel-macos-x86_64 1.3.3 47.00 NOTE
r-oldrel-windows-x86_64 1.3.3 236.00 106.00 342.00 OK

Check Details

Version: 1.3.3
Check: CRAN incoming feasibility
Result: NOTE Maintainer: ‘Potanin Bogdan <bogdanpotanin@gmail.com>’ No Authors@R field in DESCRIPTION. Please add one, modifying Authors@R: person(given = "Potanin", family = "Bogdan", role = c("aut", "cre"), email = "bogdanpotanin@gmail.com") as necessary. Flavors: r-devel-linux-x86_64-debian-clang, r-devel-linux-x86_64-debian-gcc

Version: 1.3.3
Check: installed package size
Result: NOTE installed size is 16.9Mb sub-directories of 1Mb or more: libs 16.6Mb Flavors: r-oldrel-macos-arm64, r-oldrel-macos-x86_64