Last updated on 2025-10-22 05:51:13 CEST.
Flavor | Version | Tinstall | Tcheck | Ttotal | Status | Flags |
---|---|---|---|---|---|---|
r-devel-linux-x86_64-debian-clang | 0.3.2 | 16.52 | 163.58 | 180.10 | NOTE | |
r-devel-linux-x86_64-debian-gcc | 0.3.2 | 12.79 | 114.72 | 127.51 | NOTE | |
r-devel-linux-x86_64-fedora-clang | 0.3.2 | 48.00 | 232.38 | 280.38 | OK | |
r-devel-linux-x86_64-fedora-gcc | 0.3.2 | 39.00 | 289.13 | 328.13 | OK | |
r-devel-windows-x86_64 | 0.3.2 | 17.00 | 162.00 | 179.00 | OK | |
r-patched-linux-x86_64 | 0.3.2 | 17.86 | 155.87 | 173.73 | OK | |
r-release-linux-x86_64 | 0.3.2 | 15.13 | 155.70 | 170.83 | OK | |
r-release-macos-arm64 | 0.3.2 | 7.00 | 96.00 | 103.00 | OK | |
r-release-macos-x86_64 | 0.3.2 | 13.00 | 202.00 | 215.00 | OK | |
r-release-windows-x86_64 | 0.3.2 | 20.00 | 163.00 | 183.00 | OK | |
r-oldrel-macos-arm64 | 0.3.2 | 8.00 | 87.00 | 95.00 | OK | |
r-oldrel-macos-x86_64 | 0.3.2 | 11.00 | 146.00 | 157.00 | OK | |
r-oldrel-windows-x86_64 | 0.3.2 | 23.00 | 213.00 | 236.00 | OK |
Version: 0.3.2
Check: HTML version of manual
Result: NOTE
Found the following HTML validation problems:
buildForecastIDs.heddata.html:60:1 (buildForecastIDs.heddata.Rd:17): Warning: missing </ul> before </div>
buildForecastIDs.rtdata.html:60:1 (buildForecastIDs.rtdata.Rd:17): Warning: missing </ul> before </div>
calcInSampleError.heddata.html:55:1 (calcInSampleError.heddata.Rd:14): Warning: missing </ul> before </div>
calcInSampleError.rtdata.html:55:1 (calcInSampleError.rtdata.Rd:14): Warning: missing </ul> before </div>
createKFoldData.rtdata.html:55:1 (createKFoldData.rtdata.Rd:14): Warning: missing </ul> before </div>
matchKFold.heddata.html:51:1 (matchKFold.heddata.Rd:12): Warning: missing </ul> before </div>
matchKFold.rtdata.html:51:1 (matchKFold.rtdata.Rd:12): Warning: missing </ul> before </div>
Flavors: r-devel-linux-x86_64-debian-clang, r-devel-linux-x86_64-debian-gcc