Last updated on 2025-10-22 05:51:13 CEST.
Flavor | Version | Tinstall | Tcheck | Ttotal | Status | Flags |
---|---|---|---|---|---|---|
r-devel-linux-x86_64-debian-clang | 1.2.1 | 9.84 | 138.95 | 148.79 | NOTE | |
r-devel-linux-x86_64-debian-gcc | 1.2.1 | 7.69 | 94.05 | 101.74 | NOTE | |
r-devel-linux-x86_64-fedora-clang | 1.2.1 | 32.00 | 204.97 | 236.97 | OK | |
r-devel-linux-x86_64-fedora-gcc | 1.2.1 | 22.00 | 199.48 | 221.48 | OK | |
r-devel-windows-x86_64 | 1.2.1 | 12.00 | 147.00 | 159.00 | OK | |
r-patched-linux-x86_64 | 1.2.1 | 12.82 | 129.28 | 142.10 | OK | |
r-release-linux-x86_64 | 1.2.1 | 11.47 | 130.79 | 142.26 | OK | |
r-release-macos-arm64 | 1.2.1 | 4.00 | 62.00 | 66.00 | OK | |
r-release-macos-x86_64 | 1.2.1 | 9.00 | 110.00 | 119.00 | OK | |
r-release-windows-x86_64 | 1.2.1 | 14.00 | 145.00 | 159.00 | OK | |
r-oldrel-macos-arm64 | 1.2.1 | 5.00 | 64.00 | 69.00 | OK | |
r-oldrel-macos-x86_64 | 1.2.1 | 10.00 | 114.00 | 124.00 | OK | |
r-oldrel-windows-x86_64 | 1.2.1 | 17.00 | 177.00 | 194.00 | OK |
Version: 1.2.1
Check: HTML version of manual
Result: NOTE
Found the following HTML validation problems:
StreamingBody.html:261:1 (StreamingBody.Rd:141): Warning: missing </ul> before </div>
StreamingBody.html:113:1 (StreamingBody.Rd:53): Warning: <h5> anchor "Usage" already defined
StreamingBody.html:119:1 (StreamingBody.Rd:57): Warning: <h5> anchor "Arguments" already defined
StreamingBody.html:142:1 (StreamingBody.Rd:70): Warning: <h5> anchor "Usage" already defined
StreamingBody.html:148:1 (StreamingBody.Rd:74): Warning: <h5> anchor "Arguments" already defined
StreamingBody.html:171:1 (StreamingBody.Rd:87): Warning: <h5> anchor "Usage" already defined
StreamingBody.html:188:1 (StreamingBody.Rd:98): Warning: <h5> anchor "Usage" already defined
StreamingBody.html:206:1 (StreamingBody.Rd:110): Warning: <h5> anchor "Usage" already defined
StreamingBody.html:222:1 (StreamingBody.Rd:120): Warning: <h5> anchor "Usage" already defined
StreamingBody.html:238:1 (StreamingBody.Rd:130): Warning: <h5> anchor "Usage" already defined
StreamingBody.html:244:1 (StreamingBody.Rd:134): Warning: <h5> anchor "Arguments" already defined
oauth_cache_clear.html:59:1 (oauth_cache_clear.Rd:19): Warning: missing </ul> before </div>
oauth_flow_auth_code_url.html:87:1 (oauth_flow_auth_code_url.Rd:31): Warning: missing </ul> before </div>
progress_bars.html:112:1 (progress_bars.Rd:53): Warning: missing </ul> before </div>
signal_total_pages.html:47:1 (signal_total_pages.Rd:10): Warning: missing </ul> before </div>
Flavors: r-devel-linux-x86_64-debian-clang, r-devel-linux-x86_64-debian-gcc