Last updated on 2025-10-22 05:51:13 CEST.
Flavor | Version | Tinstall | Tcheck | Ttotal | Status | Flags |
---|---|---|---|---|---|---|
r-devel-linux-x86_64-debian-clang | 2.3.2 | 83.86 | 28.30 | 112.16 | OK | |
r-devel-linux-x86_64-debian-gcc | 2.3.2 | 61.74 | 21.97 | 83.71 | OK | |
r-devel-linux-x86_64-fedora-clang | 2.3.2 | 159.00 | 1.43 | 160.43 | OK | |
r-devel-linux-x86_64-fedora-gcc | 2.3.2 | 134.00 | 59.55 | 193.55 | OK | |
r-devel-windows-x86_64 | 2.3.2 | 69.00 | 71.00 | 140.00 | OK | |
r-patched-linux-x86_64 | 2.3.2 | 82.47 | 27.12 | 109.59 | OK | |
r-release-linux-x86_64 | 2.3.2 | 80.09 | 26.85 | 106.94 | OK | |
r-release-macos-arm64 | 2.3.2 | 22.00 | 18.00 | 40.00 | OK | |
r-release-macos-x86_64 | 2.3.2 | 23.00 | 27.00 | 50.00 | OK | |
r-release-windows-x86_64 | 2.3.2 | 69.00 | 68.00 | 137.00 | OK | |
r-oldrel-macos-arm64 | 2.3.2 | 29.00 | 17.00 | 46.00 | NOTE | |
r-oldrel-macos-x86_64 | 2.3.2 | 21.00 | 39.00 | 60.00 | NOTE | |
r-oldrel-windows-x86_64 | 2.3.2 | 76.00 | 82.00 | 158.00 | OK |
Version: 2.3.2
Check: installed package size
Result: NOTE
installed size is 7.9Mb
sub-directories of 1Mb or more:
libs 7.8Mb
Flavors: r-oldrel-macos-arm64, r-oldrel-macos-x86_64