Last updated on 2025-10-22 05:51:13 CEST.
Flavor | Version | Tinstall | Tcheck | Ttotal | Status | Flags |
---|---|---|---|---|---|---|
r-devel-linux-x86_64-debian-clang | 0.10.10 | 21.99 | 91.01 | 113.00 | NOTE | |
r-devel-linux-x86_64-debian-gcc | 0.10.10 | 18.05 | 53.75 | 71.80 | NOTE | |
r-devel-linux-x86_64-fedora-clang | 0.10.10 | 50.00 | 116.07 | 166.07 | OK | |
r-devel-linux-x86_64-fedora-gcc | 0.10.10 | 57.00 | 115.09 | 172.09 | OK | |
r-devel-windows-x86_64 | 0.10.10 | 42.00 | 117.00 | 159.00 | OK | |
r-patched-linux-x86_64 | 0.10.10 | 21.24 | 82.25 | 103.49 | OK | |
r-release-linux-x86_64 | 0.10.10 | 21.56 | 82.75 | 104.31 | OK | |
r-release-macos-arm64 | 0.10.10 | 11.00 | 38.00 | 49.00 | OK | |
r-release-macos-x86_64 | 0.10.10 | 11.00 | 67.00 | 78.00 | OK | |
r-release-windows-x86_64 | 0.10.10 | 45.00 | 119.00 | 164.00 | OK | |
r-oldrel-macos-arm64 | 0.10.10 | 10.00 | 45.00 | 55.00 | OK | |
r-oldrel-macos-x86_64 | 0.10.10 | 14.00 | 79.00 | 93.00 | OK | |
r-oldrel-windows-x86_64 | 0.10.10 | 56.00 | 140.00 | 196.00 | OK |
Version: 0.10.10
Check: HTML version of manual
Result: NOTE
Found the following HTML validation problems:
bench_system_time.html:46:1 (bench_system_time.Rd:10): Warning: missing </ul> before </div>
character2integer.html:66:1 (character2integer.Rd:21): Warning: missing </ul> before </div>
every_int.html:50:1 (every_int.Rd:12): Warning: missing </ul> before </div>
which3.html:64:1 (which3.Rd:24): Warning: missing </ul> before </div>
xor2.html:51:1 (xor2.Rd:13): Warning: missing </ul> before </div>
Flavors: r-devel-linux-x86_64-debian-clang, r-devel-linux-x86_64-debian-gcc