Last updated on 2025-10-22 05:51:13 CEST.
Flavor | Version | Tinstall | Tcheck | Ttotal | Status | Flags |
---|---|---|---|---|---|---|
r-devel-linux-x86_64-debian-clang | 1.6.7 | 34.74 | 171.81 | 206.55 | NOTE | |
r-devel-linux-x86_64-debian-gcc | 1.6.7 | 21.96 | 115.30 | 137.26 | NOTE | |
r-devel-linux-x86_64-fedora-clang | 1.6.7 | 103.00 | 232.01 | 335.01 | OK | |
r-devel-linux-x86_64-fedora-gcc | 1.6.7 | 78.00 | 217.73 | 295.73 | OK | |
r-devel-windows-x86_64 | 1.6.7 | 38.00 | 172.00 | 210.00 | NOTE | |
r-patched-linux-x86_64 | 1.6.7 | 32.60 | 161.14 | 193.74 | NOTE | |
r-release-linux-x86_64 | 1.6.7 | 31.90 | 161.94 | 193.84 | NOTE | |
r-release-macos-arm64 | 1.6.7 | 20.00 | 70.00 | 90.00 | OK | |
r-release-macos-x86_64 | 1.6.7 | 26.00 | 117.00 | 143.00 | OK | |
r-release-windows-x86_64 | 1.6.7 | 39.00 | 171.00 | 210.00 | NOTE | |
r-oldrel-macos-arm64 | 1.6.7 | 15.00 | 60.00 | 75.00 | OK | |
r-oldrel-macos-x86_64 | 1.6.7 | 24.00 | 90.00 | 114.00 | OK | |
r-oldrel-windows-x86_64 | 1.6.7 | 48.00 | 227.00 | 275.00 | OK |
Version: 1.6.7
Check: Rd cross-references
Result: NOTE
Found the following Rd file(s) with Rd \link{} targets missing package
anchors:
run.umap.Rd: umap_transform
Please provide package anchors for all Rd \link{} targets not in the
package itself and the base packages.
Flavors: r-devel-linux-x86_64-debian-clang, r-devel-linux-x86_64-debian-gcc, r-devel-windows-x86_64, r-patched-linux-x86_64, r-release-linux-x86_64, r-release-windows-x86_64
Version: 1.6.7
Check: HTML version of manual
Result: NOTE
Found the following HTML validation problems:
iba.html:88:1 (iba.Rd:36): Warning: missing </ul> before </div>
Flavors: r-devel-linux-x86_64-debian-clang, r-devel-linux-x86_64-debian-gcc