Last updated on 2025-10-22 05:51:13 CEST.
Flavor | Version | Tinstall | Tcheck | Ttotal | Status | Flags |
---|---|---|---|---|---|---|
r-devel-linux-x86_64-debian-clang | 0.1.0 | 3.66 | 33.24 | 36.90 | OK | |
r-devel-linux-x86_64-debian-gcc | 0.1.0 | 2.68 | 26.75 | 29.43 | OK | |
r-devel-linux-x86_64-fedora-clang | 0.1.0 | 19.00 | 38.44 | 57.44 | OK | |
r-devel-linux-x86_64-fedora-gcc | 0.1.0 | 61.51 | OK | |||
r-devel-windows-x86_64 | 0.1.0 | 4.00 | 48.00 | 52.00 | OK | |
r-patched-linux-x86_64 | 0.1.0 | 2.81 | 31.18 | 33.99 | OK | |
r-release-linux-x86_64 | 0.1.0 | 3.58 | 31.10 | 34.68 | OK | |
r-release-macos-arm64 | 0.1.0 | 2.00 | 23.00 | 25.00 | OK | |
r-release-macos-x86_64 | 0.1.0 | 4.00 | 43.00 | 47.00 | OK | |
r-release-windows-x86_64 | 0.1.0 | 7.00 | 50.00 | 57.00 | OK | |
r-oldrel-macos-arm64 | 0.1.0 | 3.00 | 23.00 | 26.00 | OK | |
r-oldrel-macos-x86_64 | 0.1.0 | 5.00 | 34.00 | 39.00 | NOTE | |
r-oldrel-windows-x86_64 | 0.1.0 | 7.00 | 57.00 | 64.00 | OK |
Version: 0.1.0
Check: installed package size
Result: NOTE
installed size is 5.0Mb
sub-directories of 1Mb or more:
data 4.4Mb
Flavor: r-oldrel-macos-x86_64