Last updated on 2025-10-24 04:50:55 CEST.
| Flavor | Version | Tinstall | Tcheck | Ttotal | Status | Flags |
|---|---|---|---|---|---|---|
| r-devel-linux-x86_64-debian-clang | 1.1-7 | 5.18 | 81.61 | 86.79 | NOTE | |
| r-devel-linux-x86_64-debian-gcc | 1.1-7 | 4.15 | 59.50 | 63.65 | NOTE | |
| r-devel-linux-x86_64-fedora-clang | 1.1-7 | 26.00 | 115.54 | 141.54 | OK | |
| r-devel-linux-x86_64-fedora-gcc | 1.1-7 | 13.00 | 126.43 | 139.43 | OK | |
| r-devel-windows-x86_64 | 1.1-7 | 7.00 | 112.00 | 119.00 | OK | |
| r-patched-linux-x86_64 | 1.1-7 | 5.43 | 79.69 | 85.12 | OK | |
| r-release-linux-x86_64 | 1.1-7 | 5.30 | 79.07 | 84.37 | OK | |
| r-release-macos-arm64 | 1.1-7 | 4.00 | 53.00 | 57.00 | OK | |
| r-release-macos-x86_64 | 1.1-7 | 4.00 | 96.00 | 100.00 | OK | |
| r-release-windows-x86_64 | 1.1-7 | 8.00 | 116.00 | 124.00 | OK | |
| r-oldrel-macos-arm64 | 1.1-7 | 3.00 | 44.00 | 47.00 | OK | |
| r-oldrel-macos-x86_64 | 1.1-7 | 5.00 | 67.00 | 72.00 | OK | |
| r-oldrel-windows-x86_64 | 1.1-7 | 8.00 | 135.00 | 143.00 | OK |
Version: 1.1-7
Check: CRAN incoming feasibility
Result: NOTE
Maintainer: ‘Ulrike Groemping <ulrike.groemping@bht-berlin.de>’
No Authors@R field in DESCRIPTION.
Please add one, modifying
Authors@R: person(given = "Ulrike",
family = "Groemping",
role = c("aut", "cre"),
email = "ulrike.groemping@bht-berlin.de")
as necessary.
Flavors: r-devel-linux-x86_64-debian-clang, r-devel-linux-x86_64-debian-gcc