Last updated on 2025-10-22 05:51:13 CEST.
| Flavor | Version | Tinstall | Tcheck | Ttotal | Status | Flags |
|---|---|---|---|---|---|---|
| r-devel-linux-x86_64-debian-clang | 0.3.1 | 3.67 | 37.80 | 41.47 | NOTE | |
| r-devel-linux-x86_64-debian-gcc | 0.3.1 | 2.94 | 29.62 | 32.56 | NOTE | |
| r-devel-linux-x86_64-fedora-clang | 0.3.1 | 12.00 | 52.97 | 64.97 | NOTE | |
| r-devel-linux-x86_64-fedora-gcc | 0.3.1 | 11.00 | 58.91 | 69.91 | NOTE | |
| r-devel-windows-x86_64 | 0.3.1 | 5.00 | 54.00 | 59.00 | NOTE | |
| r-patched-linux-x86_64 | 0.3.1 | 3.82 | 34.81 | 38.63 | NOTE | |
| r-release-linux-x86_64 | 0.3.1 | 2.59 | 34.62 | 37.21 | NOTE | |
| r-release-macos-arm64 | 0.3.1 | 2.00 | 27.00 | 29.00 | NOTE | |
| r-release-macos-x86_64 | 0.3.1 | 3.00 | 49.00 | 52.00 | NOTE | |
| r-release-windows-x86_64 | 0.3.1 | 7.00 | 55.00 | 62.00 | NOTE | |
| r-oldrel-macos-arm64 | 0.3.1 | 2.00 | 27.00 | 29.00 | OK | |
| r-oldrel-macos-x86_64 | 0.3.1 | 3.00 | 43.00 | 46.00 | OK | |
| r-oldrel-windows-x86_64 | 0.3.1 | 7.00 | 64.00 | 71.00 | OK |
Version: 0.3.1
Check: DESCRIPTION meta-information
Result: NOTE
Missing dependency on R >= 4.1.0 because package code uses the pipe
|> or function shorthand \(...) syntax added in R 4.1.0.
File(s) using such syntax:
‘idmc_transform_daily.R’
Flavors: r-devel-linux-x86_64-debian-clang, r-devel-linux-x86_64-debian-gcc, r-devel-linux-x86_64-fedora-clang, r-devel-linux-x86_64-fedora-gcc, r-devel-windows-x86_64, r-patched-linux-x86_64, r-release-linux-x86_64, r-release-macos-arm64, r-release-macos-x86_64, r-release-windows-x86_64