Last updated on 2025-10-24 04:50:55 CEST.
| Flavor | Version | Tinstall | Tcheck | Ttotal | Status | Flags |
|---|---|---|---|---|---|---|
| r-devel-linux-x86_64-debian-clang | 1.0.1 | 1.37 | 94.81 | 96.18 | NOTE | |
| r-devel-linux-x86_64-debian-gcc | 1.0.1 | 1.43 | 69.10 | 70.53 | NOTE | |
| r-devel-linux-x86_64-fedora-clang | 1.0.1 | 145.50 | OK | |||
| r-devel-linux-x86_64-fedora-gcc | 1.0.1 | 141.90 | OK | |||
| r-devel-windows-x86_64 | 1.0.1 | 4.00 | 163.00 | 167.00 | OK | |
| r-patched-linux-x86_64 | 1.0.1 | 1.68 | 90.98 | 92.66 | OK | |
| r-release-linux-x86_64 | 1.0.1 | 1.48 | 91.60 | 93.08 | OK | |
| r-release-macos-arm64 | 1.0.1 | 1.00 | 52.00 | 53.00 | OK | |
| r-release-macos-x86_64 | 1.0.1 | 2.00 | 100.00 | 102.00 | OK | |
| r-release-windows-x86_64 | 1.0.1 | 3.00 | 162.00 | 165.00 | OK | |
| r-oldrel-macos-arm64 | 1.0.1 | 1.00 | 51.00 | 52.00 | OK | |
| r-oldrel-macos-x86_64 | 1.0.1 | 2.00 | 114.00 | 116.00 | OK | |
| r-oldrel-windows-x86_64 | 1.0.1 | 6.00 | 177.00 | 183.00 | OK |
Version: 1.0.1
Check: CRAN incoming feasibility
Result: NOTE
Maintainer: ‘Irucka Embry <iembry@ecoccs.com>’
No Authors@R field in DESCRIPTION.
Please add one, modifying
Authors@R: person(given = "Irucka",
family = "Embry",
role = c("aut", "cre"),
email = "iembry@ecoccs.com")
as necessary.
Flavors: r-devel-linux-x86_64-debian-clang, r-devel-linux-x86_64-debian-gcc