Last updated on 2025-10-22 05:51:13 CEST.
Flavor | Version | Tinstall | Tcheck | Ttotal | Status | Flags |
---|---|---|---|---|---|---|
r-devel-linux-x86_64-debian-clang | 1.0.2 | 56.92 | 44.94 | 101.86 | NOTE | |
r-devel-linux-x86_64-debian-gcc | 1.0.2 | 33.64 | 36.12 | 69.76 | NOTE | |
r-devel-linux-x86_64-fedora-clang | 1.0.2 | 185.00 | 18.68 | 203.68 | OK | |
r-devel-linux-x86_64-fedora-gcc | 1.0.2 | 109.00 | 64.49 | 173.49 | OK | |
r-devel-windows-x86_64 | 1.0.2 | 67.00 | 74.00 | 141.00 | OK | |
r-patched-linux-x86_64 | 1.0.2 | 53.34 | 41.39 | 94.73 | OK | |
r-release-linux-x86_64 | 1.0.2 | 54.41 | 41.62 | 96.03 | OK | |
r-release-macos-arm64 | 1.0.2 | 22.00 | 31.00 | 53.00 | OK | |
r-release-macos-x86_64 | 1.0.2 | 17.00 | 48.00 | 65.00 | OK | |
r-release-windows-x86_64 | 1.0.2 | 68.00 | 75.00 | 143.00 | OK | |
r-oldrel-macos-arm64 | 1.0.2 | 27.00 | 27.00 | 54.00 | OK | |
r-oldrel-macos-x86_64 | 1.0.2 | 22.00 | 41.00 | 63.00 | OK | |
r-oldrel-windows-x86_64 | 1.0.2 | 80.00 | 88.00 | 168.00 | OK |
Version: 1.0.2
Check: HTML version of manual
Result: NOTE
Found the following HTML validation problems:
dot-onUnload.html:47:1 (dot-onUnload.Rd:10): Warning: missing </ul> before </div>
Flavors: r-devel-linux-x86_64-debian-clang, r-devel-linux-x86_64-debian-gcc