Last updated on 2025-10-22 05:51:13 CEST.
Flavor | Version | Tinstall | Tcheck | Ttotal | Status | Flags |
---|---|---|---|---|---|---|
r-devel-linux-x86_64-debian-clang | 0.7.1 | 9.22 | 80.00 | 89.22 | NOTE | |
r-devel-linux-x86_64-debian-gcc | 0.7.1 | 6.20 | 57.12 | 63.32 | NOTE | |
r-devel-linux-x86_64-fedora-clang | 0.7.1 | 22.00 | 120.33 | 142.33 | OK | |
r-devel-linux-x86_64-fedora-gcc | 0.7.1 | 19.00 | 123.11 | 142.11 | OK | |
r-devel-windows-x86_64 | 0.7.1 | 13.00 | 101.00 | 114.00 | OK | |
r-patched-linux-x86_64 | 0.7.1 | 10.80 | 75.92 | 86.72 | OK | |
r-release-linux-x86_64 | 0.7.1 | 8.26 | 76.52 | 84.78 | OK | |
r-release-macos-arm64 | 0.7.1 | 5.00 | 47.00 | 52.00 | OK | |
r-release-macos-x86_64 | 0.7.1 | 7.00 | 74.00 | 81.00 | OK | |
r-release-windows-x86_64 | 0.7.1 | 14.00 | 102.00 | 116.00 | OK | |
r-oldrel-macos-arm64 | 0.7.1 | 4.00 | 38.00 | 42.00 | OK | |
r-oldrel-macos-x86_64 | 0.7.1 | 6.00 | 60.00 | 66.00 | OK | |
r-oldrel-windows-x86_64 | 0.7.1 | 17.00 | 123.00 | 140.00 | OK |
Version: 0.7.1
Check: HTML version of manual
Result: NOTE
Found the following HTML validation problems:
access_component.html:70:1 (access_component.Rd:40): Warning: missing </ul> before </div>
add_component.html:76:1 (add_component.Rd:43): Warning: missing </ul> before </div>
iheatmap_list_utils.html:96:1 (iheatmap_list_utils.Rd:60): Warning: missing </ul> before </div>
iheatmapr-shiny.html:67:1 (iheatmapr-shiny.Rd:25): Warning: missing </ul> before </div>
knit_print.Iheatmap.html:51:1 (knit_print.Iheatmap.Rd:12): Warning: missing </ul> before </div>
make_component.html:62:1 (make_component.Rd:37): Warning: missing </ul> before </div>
Flavors: r-devel-linux-x86_64-debian-clang, r-devel-linux-x86_64-debian-gcc