Last updated on 2025-10-24 04:50:55 CEST.
| Flavor | Version | Tinstall | Tcheck | Ttotal | Status | Flags |
|---|---|---|---|---|---|---|
| r-devel-linux-x86_64-debian-clang | 0.1.0 | 12.25 | 28.39 | 40.64 | NOTE | |
| r-devel-linux-x86_64-debian-gcc | 0.1.0 | 8.84 | 22.59 | 31.43 | NOTE | |
| r-devel-linux-x86_64-fedora-clang | 0.1.0 | 44.00 | 23.22 | 67.22 | OK | |
| r-devel-linux-x86_64-fedora-gcc | 0.1.0 | 26.00 | 36.39 | 62.39 | OK | |
| r-devel-windows-x86_64 | 0.1.0 | 17.00 | 69.00 | 86.00 | OK | |
| r-patched-linux-x86_64 | 0.1.0 | 12.63 | 25.58 | 38.21 | OK | |
| r-release-linux-x86_64 | 0.1.0 | 13.05 | 25.76 | 38.81 | OK | |
| r-release-macos-arm64 | 0.1.0 | 6.00 | 16.00 | 22.00 | OK | |
| r-release-macos-x86_64 | 0.1.0 | 8.00 | 28.00 | 36.00 | OK | |
| r-release-windows-x86_64 | 0.1.0 | 16.00 | 64.00 | 80.00 | OK | |
| r-oldrel-macos-arm64 | 0.1.0 | 6.00 | 17.00 | 23.00 | OK | |
| r-oldrel-macos-x86_64 | 0.1.0 | 8.00 | 23.00 | 31.00 | OK | |
| r-oldrel-windows-x86_64 | 0.1.0 | 19.00 | 71.00 | 90.00 | OK |
Version: 0.1.0
Check: CRAN incoming feasibility
Result: NOTE
Maintainer: ‘Jan Wijffels <jwijffels@bnosac.be>’
The Description field contains
<arXiv:0810.2434>. The package allows to detect corners in digital
Please refer to arXiv e-prints via their arXiv DOI <doi:10.48550/arXiv.YYMM.NNNNN>.
Flavors: r-devel-linux-x86_64-debian-clang, r-devel-linux-x86_64-debian-gcc