Last updated on 2025-10-22 05:51:14 CEST.
Flavor | Version | Tinstall | Tcheck | Ttotal | Status | Flags |
---|---|---|---|---|---|---|
r-devel-linux-x86_64-debian-clang | 0.6.0 | 30.10 | 56.88 | 86.98 | NOTE | |
r-devel-linux-x86_64-debian-gcc | 0.6.0 | 22.98 | 45.03 | 68.01 | NOTE | |
r-devel-linux-x86_64-fedora-clang | 0.6.0 | 69.00 | 71.84 | 140.84 | OK | |
r-devel-linux-x86_64-fedora-gcc | 0.6.0 | 78.00 | 73.64 | 151.64 | OK | |
r-devel-windows-x86_64 | 0.6.0 | 35.00 | 96.00 | 131.00 | OK | |
r-patched-linux-x86_64 | 0.6.0 | 30.10 | 58.08 | 88.18 | OK | |
r-release-linux-x86_64 | 0.6.0 | 28.92 | 57.91 | 86.83 | OK | |
r-release-macos-arm64 | 0.6.0 | 15.00 | 52.00 | 67.00 | OK | |
r-release-macos-x86_64 | 0.6.0 | 27.00 | 65.00 | 92.00 | OK | |
r-release-windows-x86_64 | 0.6.0 | 38.00 | 99.00 | 137.00 | OK | |
r-oldrel-macos-arm64 | 0.6.0 | 12.00 | 44.00 | 56.00 | NOTE | |
r-oldrel-macos-x86_64 | 0.6.0 | 23.00 | 73.00 | 96.00 | NOTE | |
r-oldrel-windows-x86_64 | 0.6.0 | 42.00 | 120.00 | 162.00 | NOTE |
Version: 0.6.0
Check: HTML version of manual
Result: NOTE
Found the following HTML validation problems:
animate_imu-shiny.html:68:1 (animate_imu-shiny.Rd:25): Warning: missing </ul> before </div>
animate_imu.html:59:1 (animate_imu.Rd:17): Warning: missing </ul> before </div>
imu_object-shiny.html:68:1 (imu_object-shiny.Rd:25): Warning: missing </ul> before </div>
imu_object-update.html:60:1 (imu_object-update.Rd:20): Warning: missing </ul> before </div>
imu_object.html:55:1 (imu_object.Rd:15): Warning: missing </ul> before </div>
Flavors: r-devel-linux-x86_64-debian-clang, r-devel-linux-x86_64-debian-gcc
Version: 0.6.0
Check: installed package size
Result: NOTE
installed size is 18.3Mb
sub-directories of 1Mb or more:
doc 4.1Mb
libs 12.1Mb
Flavors: r-oldrel-macos-arm64, r-oldrel-macos-x86_64, r-oldrel-windows-x86_64