Last updated on 2025-10-24 04:50:55 CEST.
| Flavor | Version | Tinstall | Tcheck | Ttotal | Status | Flags |
|---|---|---|---|---|---|---|
| r-devel-linux-x86_64-debian-clang | 0.3.3 | 3.12 | 66.87 | 69.99 | NOTE | |
| r-devel-linux-x86_64-debian-gcc | 0.3.3 | 2.48 | 50.87 | 53.35 | NOTE | |
| r-devel-linux-x86_64-fedora-clang | 0.3.3 | 10.00 | 94.20 | 104.20 | OK | |
| r-devel-linux-x86_64-fedora-gcc | 0.3.3 | 111.04 | OK | |||
| r-devel-windows-x86_64 | 0.3.3 | 4.00 | 84.00 | 88.00 | OK | |
| r-patched-linux-x86_64 | 0.3.3 | 3.92 | 62.22 | 66.14 | OK | |
| r-release-linux-x86_64 | 0.3.3 | 3.50 | 61.68 | 65.18 | OK | |
| r-release-macos-arm64 | 0.3.3 | 2.00 | 39.00 | 41.00 | OK | |
| r-release-macos-x86_64 | 0.3.3 | 3.00 | 85.00 | 88.00 | OK | |
| r-release-windows-x86_64 | 0.3.3 | 4.00 | 85.00 | 89.00 | OK | |
| r-oldrel-macos-arm64 | 0.3.3 | 2.00 | 38.00 | 40.00 | OK | |
| r-oldrel-macos-x86_64 | 0.3.3 | 3.00 | 65.00 | 68.00 | OK | |
| r-oldrel-windows-x86_64 | 0.3.3 | 7.00 | 100.00 | 107.00 | OK |
Version: 0.3.3
Check: CRAN incoming feasibility
Result: NOTE
Maintainer: ‘Martin A. Stoffel <martin.adam.stoffel@gmail.com>’
Package CITATION file contains call(s) to old-style personList() or
as.personList(). Please use c() on person objects instead.
Package CITATION file contains call(s) to old-style citEntry(). Please
use bibentry() instead.
Flavors: r-devel-linux-x86_64-debian-clang, r-devel-linux-x86_64-debian-gcc