Last updated on 2025-10-22 05:51:14 CEST.
Flavor | Version | Tinstall | Tcheck | Ttotal | Status | Flags |
---|---|---|---|---|---|---|
r-devel-linux-x86_64-debian-clang | 1.3.0 | 10.17 | 93.30 | 103.47 | NOTE | |
r-devel-linux-x86_64-debian-gcc | 1.3.0 | 7.91 | 64.74 | 72.65 | NOTE | |
r-devel-linux-x86_64-fedora-clang | 1.3.0 | 21.00 | 143.13 | 164.13 | OK | |
r-devel-linux-x86_64-fedora-gcc | 1.3.0 | 24.00 | 126.92 | 150.92 | OK | |
r-devel-windows-x86_64 | 1.3.0 | 12.00 | 96.00 | 108.00 | OK | |
r-patched-linux-x86_64 | 1.3.0 | 10.35 | 89.00 | 99.35 | OK | |
r-release-linux-x86_64 | 1.3.0 | 10.47 | 89.05 | 99.52 | OK | |
r-release-macos-arm64 | 1.3.0 | 6.00 | 45.00 | 51.00 | OK | |
r-release-macos-x86_64 | 1.3.0 | 12.00 | 85.00 | 97.00 | OK | |
r-release-windows-x86_64 | 1.3.0 | 12.00 | 98.00 | 110.00 | OK | |
r-oldrel-macos-arm64 | 1.3.0 | 5.00 | 42.00 | 47.00 | OK | |
r-oldrel-macos-x86_64 | 1.3.0 | 14.00 | 118.00 | 132.00 | OK | |
r-oldrel-windows-x86_64 | 1.3.0 | 16.00 | 129.00 | 145.00 | OK |
Version: 1.3.0
Check: HTML version of manual
Result: NOTE
Found the following HTML validation problems:
minObjFunPORT.html:62:1 (minObjFunPORT.Rd:18): Warning: missing </ul> before </div>
Flavors: r-devel-linux-x86_64-debian-clang, r-devel-linux-x86_64-debian-gcc