Last updated on 2025-10-24 04:50:55 CEST.
| Flavor | Version | Tinstall | Tcheck | Ttotal | Status | Flags |
|---|---|---|---|---|---|---|
| r-devel-linux-x86_64-debian-clang | 0.0.5 | 1.76 | 25.18 | 26.94 | OK | |
| r-devel-linux-x86_64-debian-gcc | 0.0.5 | 1.37 | 19.99 | 21.36 | OK | |
| r-devel-linux-x86_64-fedora-clang | 0.0.5 | 39.09 | NOTE | |||
| r-devel-linux-x86_64-fedora-gcc | 0.0.5 | 34.94 | NOTE | |||
| r-devel-windows-x86_64 | 0.0.5 | 3.00 | 43.00 | 46.00 | OK | |
| r-patched-linux-x86_64 | 0.0.5 | 1.29 | 22.45 | 23.74 | OK | |
| r-release-linux-x86_64 | 0.0.5 | 1.48 | 22.56 | 24.04 | OK | |
| r-release-macos-arm64 | 0.0.5 | 1.00 | 16.00 | 17.00 | OK | |
| r-release-macos-x86_64 | 0.0.5 | 2.00 | 25.00 | 27.00 | OK | |
| r-release-windows-x86_64 | 0.0.5 | 5.00 | 44.00 | 49.00 | OK | |
| r-oldrel-macos-arm64 | 0.0.5 | 1.00 | 18.00 | 19.00 | OK | |
| r-oldrel-macos-x86_64 | 0.0.5 | 2.00 | 28.00 | 30.00 | OK | |
| r-oldrel-windows-x86_64 | 0.0.5 | 4.00 | 51.00 | 55.00 | OK |
Version: 0.0.5
Check: dependencies in R code
Result: NOTE
Namespace in Imports field not imported from: ‘utils’
All declared Imports should be used.
Flavors: r-devel-linux-x86_64-fedora-clang, r-devel-linux-x86_64-fedora-gcc