CRAN Package Check Results for Package injectoR

Last updated on 2025-10-22 05:51:14 CEST.

Flavor Version Tinstall Tcheck Ttotal Status Flags
r-devel-linux-x86_64-debian-clang 0.2.4 1.74 20.49 22.23 NOTE
r-devel-linux-x86_64-debian-gcc 0.2.4 1.25 16.91 18.16 NOTE
r-devel-linux-x86_64-fedora-clang 0.2.4 32.48 OK
r-devel-linux-x86_64-fedora-gcc 0.2.4 29.42 OK
r-devel-windows-x86_64 0.2.4 2.00 40.00 42.00 OK
r-patched-linux-x86_64 0.2.4 1.75 19.36 21.11 OK
r-release-linux-x86_64 0.2.4 1.56 18.98 20.54 OK
r-release-macos-arm64 0.2.4 1.00 13.00 14.00 OK
r-release-macos-x86_64 0.2.4 2.00 21.00 23.00 OK
r-release-windows-x86_64 0.2.4 2.00 40.00 42.00 OK
r-oldrel-macos-arm64 0.2.4 1.00 14.00 15.00 OK
r-oldrel-macos-x86_64 0.2.4 1.00 22.00 23.00 OK
r-oldrel-windows-x86_64 0.2.4 4.00 45.00 49.00 OK

Check Details

Version: 0.2.4
Check: CRAN incoming feasibility
Result: NOTE Maintainer: ‘Lev Kuznetsov <levk@jimmy.harvard.edu>’ No Authors@R field in DESCRIPTION. Please add one, modifying Authors@R: person(given = "Lev", family = "Kuznetsov", role = c("aut", "cre"), email = "levk@jimmy.harvard.edu") as necessary. Flavors: r-devel-linux-x86_64-debian-clang, r-devel-linux-x86_64-debian-gcc

Version: 0.2.4
Check: HTML version of manual
Result: NOTE Found the following HTML validation problems: default.html:49:1 (default.Rd:12): Warning: missing </ul> before </div> Flavors: r-devel-linux-x86_64-debian-clang, r-devel-linux-x86_64-debian-gcc