Last updated on 2025-07-21 08:50:06 CEST.
Flavor | Version | Tinstall | Tcheck | Ttotal | Status | Flags |
---|---|---|---|---|---|---|
r-devel-linux-x86_64-debian-clang | 0.1.2 | 2.87 | 39.25 | 42.12 | NOTE | |
r-devel-linux-x86_64-debian-gcc | 0.1.2 | 2.17 | 30.17 | 32.34 | NOTE | |
r-devel-linux-x86_64-fedora-clang | 0.1.2 | 63.77 | OK | |||
r-devel-linux-x86_64-fedora-gcc | 0.1.2 | 70.50 | ERROR | |||
r-devel-windows-x86_64 | 0.1.2 | 4.00 | 58.00 | 62.00 | OK | |
r-patched-linux-x86_64 | 0.1.2 | 2.99 | 36.59 | 39.58 | OK | |
r-release-linux-x86_64 | 0.1.2 | 2.76 | 36.20 | 38.96 | OK | |
r-release-macos-arm64 | 0.1.2 | 43.00 | OK | |||
r-release-macos-x86_64 | 0.1.2 | 61.00 | OK | |||
r-release-windows-x86_64 | 0.1.2 | 5.00 | 59.00 | 64.00 | OK | |
r-oldrel-macos-arm64 | 0.1.2 | 41.00 | OK | |||
r-oldrel-macos-x86_64 | 0.1.2 | 57.00 | OK | |||
r-oldrel-windows-x86_64 | 0.1.2 | 5.00 | 69.00 | 74.00 | OK |
Version: 0.1.2
Check: CRAN incoming feasibility
Result: NOTE
Maintainer: ‘Kasia Kulma <katarzyna.kulma@gmail.com>’
No Authors@R field in DESCRIPTION.
Please add one, modifying
Authors@R: person(given = "Kasia",
family = "Kulma",
role = c("aut", "cre"),
email = "katarzyna.kulma@gmail.com")
as necessary.
Flavors: r-devel-linux-x86_64-debian-clang, r-devel-linux-x86_64-debian-gcc
Version: 0.1.2
Check: tests
Result: ERROR
Running ‘testthat.R’
Running the tests in ‘tests/testthat.R’ failed.
Complete output:
> library(testthat)
> library(intensegRid)
>
> test_check("intensegRid")
[ FAIL 7 | WARN 0 | SKIP 0 | PASS 0 ]
══ Failed tests ════════════════════════════════════════════════════════════════
── Error ('test-generationmix.R:6:5'): get_mix works ───────────────────────────
Error: API did not return json
Backtrace:
▆
1. ├─vcr::use_cassette(...) at test-generationmix.R:5:3
2. │ └─cassette$call_block(...)
3. └─intensegRid::get_mix() at test-generationmix.R:6:5
4. └─intensegRid:::get_data(call)
── Error ('test-intensity.R:6:5'): get_british_ci() works ──────────────────────
Error: API did not return json
Backtrace:
▆
1. ├─vcr::use_cassette(...) at test-intensity.R:5:3
2. │ └─cassette$call_block(...)
3. └─intensegRid::get_british_ci() at test-intensity.R:6:5
4. └─intensegRid:::get_data(call)
── Error ('test-intensity.R:29:5'): get_national_ci() works ────────────────────
Error: API did not return json
Backtrace:
▆
1. ├─vcr::use_cassette(...) at test-intensity.R:28:3
2. │ └─cassette$call_block(...)
3. └─intensegRid::get_national_ci() at test-intensity.R:29:5
4. └─intensegRid:::get_data(call)
── Error ('test-intensity.R:70:5'): get_regional_ci() works ────────────────────
Error: API did not return json
Backtrace:
▆
1. ├─vcr::use_cassette(...) at test-intensity.R:69:3
2. │ └─cassette$call_block(...)
3. └─intensegRid::get_regional_ci(13) at test-intensity.R:70:5
4. └─intensegRid:::get_data(call)
── Error ('test-intensity.R:96:5'): get_postcode_ci() works ────────────────────
Error: API did not return json
Backtrace:
▆
1. ├─vcr::use_cassette(...) at test-intensity.R:95:3
2. │ └─cassette$call_block(...)
3. └─intensegRid::get_postcode_ci(postcode = "EN2") at test-intensity.R:96:5
4. └─intensegRid:::get_data(call)
── Error ('test-other.R:4:5'): get_factors() works ─────────────────────────────
Error: API did not return json
Backtrace:
▆
1. ├─vcr::use_cassette(...) at test-other.R:3:3
2. │ └─cassette$call_block(...)
3. └─intensegRid::get_factors() at test-other.R:4:5
4. └─intensegRid:::get_data(url)
── Error ('test-other.R:21:5'): get_stats() works ──────────────────────────────
Error: API did not return json
Backtrace:
▆
1. ├─vcr::use_cassette(...) at test-other.R:20:3
2. │ └─cassette$call_block(...)
3. └─intensegRid::get_stats(start, end) at test-other.R:21:5
4. └─intensegRid:::get_data(call)
[ FAIL 7 | WARN 0 | SKIP 0 | PASS 0 ]
Error: Test failures
Execution halted
Flavor: r-devel-linux-x86_64-fedora-gcc