Last updated on 2025-10-22 05:51:14 CEST.
Flavor | Version | Tinstall | Tcheck | Ttotal | Status | Flags |
---|---|---|---|---|---|---|
r-devel-linux-x86_64-debian-clang | 1.2.0 | 12.00 | 305.85 | 317.85 | NOTE | |
r-devel-linux-x86_64-debian-gcc | 1.2.0 | 7.89 | 204.24 | 212.13 | NOTE | |
r-devel-linux-x86_64-fedora-clang | 1.2.0 | 33.00 | 477.44 | 510.44 | NOTE | |
r-devel-linux-x86_64-fedora-gcc | 1.2.0 | 20.00 | 464.15 | 484.15 | NOTE | |
r-devel-windows-x86_64 | 1.2.0 | 12.00 | 255.00 | 267.00 | OK | |
r-patched-linux-x86_64 | 1.2.0 | 11.62 | 293.36 | 304.98 | OK | |
r-release-linux-x86_64 | 1.2.0 | 11.39 | 295.50 | 306.89 | OK | |
r-release-macos-arm64 | 1.2.0 | 4.00 | 135.00 | 139.00 | OK | |
r-release-macos-x86_64 | 1.2.0 | 9.00 | 288.00 | 297.00 | OK | |
r-release-windows-x86_64 | 1.2.0 | 14.00 | 259.00 | 273.00 | OK | |
r-oldrel-macos-arm64 | 1.2.0 | 4.00 | 111.00 | 115.00 | OK | |
r-oldrel-macos-x86_64 | 1.2.0 | 12.00 | 335.00 | 347.00 | OK | |
r-oldrel-windows-x86_64 | 1.2.0 | 17.00 | 365.00 | 382.00 | OK |
Version: 1.2.0
Check: HTML version of manual
Result: NOTE
Found the following HTML validation problems:
plot.sim_margins.html:52:1 (plot.sim_margins.Rd:12): Warning: missing </ul> before </div>
plot.sim_slopes.html:52:1 (plot.sim_slopes.Rd:12): Warning: missing </ul> before </div>
sim_margins_tidiers.html:59:1 (sim_margins_tidiers.Rd:17): Warning: missing </ul> before </div>
sim_slopes_tidiers.html:59:1 (sim_slopes_tidiers.Rd:17): Warning: missing </ul> before </div>
Flavors: r-devel-linux-x86_64-debian-clang, r-devel-linux-x86_64-debian-gcc
Version: 1.2.0
Check: dependencies in R code
Result: NOTE
Namespace in Imports field not imported from: ‘broom’
All declared Imports should be used.
Flavors: r-devel-linux-x86_64-fedora-clang, r-devel-linux-x86_64-fedora-gcc